NOAA Reports/Αναφορές NOAA

Select a Year or Month report
2018 > Jan Feb Mar Apr May Jun Jul Aug Sep Oct Nov Dec
2017 > Jan Feb Mar Apr May Jun Jul Aug Sep Oct Nov Dec
2016 > Jan Feb Mar Apr May Jun Jul Aug Sep Oct Nov Dec
2015 > Jan Feb Mar Apr May Jun Jul Aug Sep Oct Nov Dec

Report for 2018 Jan
                   MONTHLY CLIMATOLOGICAL SUMMARY for JAN. 2018

NAME: Timbakion Weather Station   CITY: Timbakion   STATE: Greece 
ELEV:    25 m  LAT: 35.074438  LONG: 24.759724

                   TEMPERATURE (C), RAIN  (mm), WIND SPEED (km/hr)

                                      HEAT  COOL        AVG
    MEAN                              DEG   DEG         WIND                 DOM
DAY TEMP  HIGH   TIME   LOW    TIME   DAYS  DAYS  RAIN  SPEED HIGH   TIME    DIR
------------------------------------------------------------------------------------
 1  11.1  17.2   13:55   5.2    5:10   7.2   0.0   0.0   5.0  33.8    1:40    NE
 2  15.7  17.8   13:15   8.5    0:05   2.6   0.0   1.2  16.1  46.7   22:55   WSW
 3  12.7  15.6    1:10   9.2   23:00   5.6   0.0   8.6   9.7  59.5    7:25   WSW
 4  11.9  17.9   15:05   6.4    3:05   6.4   0.0  21.2  17.1  99.8   23:00    NW
 5  13.1  17.2   15:50   7.6   23:50   5.2   0.0   0.8  17.2  80.5    0:10    NW
 6  11.8  18.0   11:20   6.4    7:00   6.5   0.0   0.0   4.5  20.9    1:35    NE
 7  13.9  19.3   11:55   9.6    0:10   4.4   0.0   0.0   2.6  14.5    6:00     E
 8  13.3  19.0   11:40   9.3    5:55   5.0   0.0   0.2   4.0  19.3   13:35     E
 9  12.2  17.7   15:35   7.3    7:05   6.1   0.0   0.0   3.9  17.7   12:45     E
10  13.4  16.8   15:10   9.7    3:50   4.9   0.0   0.0   4.0  20.9   16:25    NE
11  14.5  17.4   12:00  11.1    5:50   3.8   0.0   3.2   8.4  38.6   17:15     W
12  14.4  17.6   12:30  10.7    7:55   3.9   0.0   0.0   6.0  32.2    0:20    NE
13  13.1  16.6   11:55  10.2   23:50   5.2   0.0  11.8   8.5  48.3    5:10    NE
14  11.4  14.9   12:35   8.6    3:20   6.9   0.0   2.0  15.3  62.8   14:35    NW
15  11.3  15.9   12:10   7.4   23:55   7.0   0.0   0.0   7.1  41.8    0:10    NE
16  12.3  16.8   13:40   6.4    3:25   6.0   0.0   2.6   9.3  45.1   20:20     W
17  15.3  17.1   11:40  12.6    7:20   3.0   0.0   0.0  16.9  56.3   16:30   WSW
18  13.9  16.5    2:40   9.6   14:55   4.4   0.0   1.4  23.5  83.7   12:45    NW
19  11.6  16.4   13:25   6.1    5:40   6.7   0.0   0.0   9.5  61.2    1:10    NW
20  13.4  16.4   12:30  10.1    0:05   4.8   0.0   0.0   5.5  24.1    8:00    NE
21  14.2  17.7   12:20  10.5   23:45   4.1   0.0   1.2   7.6  40.2   14:45    NE
22  13.6  16.4   10:55  10.2   16:05   4.7   0.0   1.4  15.3  64.4   14:20   WNW
23  11.5  14.8   12:45   8.3    5:35   6.8   0.0   0.0   9.2  46.7   13:25    NW
24   9.7  12.6   10:55   7.7   22:15   8.6   0.0   0.0  24.6  85.3   15:35    NW
25   9.2  10.8   15:40   7.4    0:20   9.1   0.0   0.0  36.0 112.7   13:35    NW
26  10.1  12.3   13:30   5.9   23:45   8.2   0.0   0.0  33.3  98.2   12:45    NW
27   9.7  13.3   10:40   4.4   22:55   8.6   0.0   0.0  15.8  70.8   11:00    NW
28   9.4  16.6   14:10   3.1    7:05   8.8   0.0   0.0   7.6  43.5   16:35    NE
29  11.2  18.9   13:55   4.2    5:05   7.1   0.0   0.0   6.4  33.8   17:05    NE
30  10.6  16.9   16:15   4.7    7:20   7.7   0.0   0.0   4.7  22.5   13:05    NE
31  10.6  16.7   11:35   4.8    6:00   7.7   0.0   0.0   4.7  20.9   13:10    NE
-------------------------------------------------------------------------------------
    12.3  19.3     7     3.1    28   186.9   0.0  55.6  11.6 112.7    25      NE

Max >=  32.0:  0
Max <=   0.0:  0
Min <=   0.0:  0
Min <= -18.0:  0
Max Rain: 21.21 ON 04/01/18
Days of Rain: 12 (> .2 mm) 6 (> 2 mm) 1 (> 20 mm)
Heat Base:  18.3  Cool Base:  18.3  Method: Integration