NOAA Reports/Αναφορές NOAA

Select a Year or Month report
2018 > Jan Feb Mar Apr May Jun Jul Aug Sep Oct Nov Dec
2017 > Jan Feb Mar Apr May Jun Jul Aug Sep Oct Nov Dec
2016 > Jan Feb Mar Apr May Jun Jul Aug Sep Oct Nov Dec
2015 > Jan Feb Mar Apr May Jun Jul Aug Sep Oct Nov Dec

Report for 2017 Dec
                   MONTHLY CLIMATOLOGICAL SUMMARY for DEC. 2017

NAME: Timbakion Weather Station   CITY: Timbakion   STATE: Greece 
ELEV:    25 m  LAT: 35.074438  LONG: 24.759724

                   TEMPERATURE (C), RAIN  (mm), WIND SPEED (km/hr)

                                      HEAT  COOL        AVG
    MEAN                              DEG   DEG         WIND                 DOM
DAY TEMP  HIGH   TIME   LOW    TIME   DAYS  DAYS  RAIN  SPEED HIGH   TIME    DIR
------------------------------------------------------------------------------------
 1  17.4  20.9   14:40  14.1    7:35   1.5   0.6   0.0   6.4  29.0   14:05    NE
 2  17.9  21.7   13:30  14.4   23:55   1.1   0.8   0.0   6.0  29.0   12:00    NE
 3  17.1  22.1   10:45  14.3    0:35   2.0   0.8   0.0   4.8  16.1   12:35    NE
 4  16.4  20.2   12:50  12.6    5:55   2.3   0.3   0.0   7.2  33.8   17:10     E
 5  14.7  17.4   13:50   9.2   22:25   3.6   0.0   0.6  15.6  53.1   15:05    NW
 6  10.3  13.5   14:25   6.4   21:10   8.0   0.0   0.0  11.4  54.7    9:05    NW
 7  10.2  16.3   12:25   5.3    3:55   8.1   0.0   0.0   6.0  20.9    5:50    NE
 8  10.7  17.4   11:15   3.5    6:20   7.6   0.0   0.0   4.7  24.1   14:10     E
 9  13.2  17.9   13:25   8.5    6:30   5.1   0.0   1.0   5.3  25.7   12:25    NE
10  14.8  18.1    9:20  11.1   00:00   3.5   0.0   2.6   6.0  41.8    9:30    SW
11  12.6  17.6   13:55   8.4    6:10   5.7   0.0   0.0   3.2  14.5    3:45    NE
12  13.3  19.1   12:00   8.6    5:15   5.1   0.1   0.0   4.5  16.1   13:50    NE
13  13.2  19.2   13:20   7.6    7:35   5.2   0.1   0.0   7.7  40.2   14:35    NE
14  14.8  19.5   13:15   9.1    3:30   3.6   0.1   0.0  12.2  43.5   14:00   WSW
15  17.3  19.2   12:15  13.7    8:10   1.1   0.1   0.0  13.0  37.0    0:20   WSW
16  16.7  20.2   11:45  13.9    4:05   1.9   0.3   0.0   6.1  25.7    0:35    NE
17  18.1  20.7   11:35  15.1   23:55   0.7   0.4   0.0   9.8  32.2    5:10   WSW
18  15.1  18.1   12:40  12.7   14:55   3.2   0.0   4.0   9.2  45.1   18:45    NW
19  13.0  15.4   13:05   9.4   23:25   5.3   0.0   0.0   6.9  30.6   16:40    NW
20  12.3  15.8   14:15   9.2    0:20   6.0   0.0   0.0   6.0  29.0   14:50    NE
21  12.4  16.5   14:45   8.1    6:00   5.9   0.0   0.0   5.8  24.1   11:40    NE
22  15.7  21.3   14:55  11.2    0:35   2.9   0.3   2.6   9.7  41.8   10:25     E
23  11.5  12.9    0:05  10.0   22:25   6.8   0.0   5.0  24.0  69.2   16:30   NNW
24   9.3  12.1   20:10   5.2   10:00   9.0   0.0   4.2  17.7  72.4   12:55    NW
25  11.9  17.8   16:20   7.4    4:40   6.4   0.0   0.0   5.8  17.7    3:20    NE
26  11.6  17.7   14:20   6.3    7:10   6.7   0.0   0.0   4.0  20.9   16:10    NE
27  12.3  17.3   11:00   8.0    7:10   6.0   0.0   0.0   5.0  19.3   13:00    NE
28  14.1  17.6   13:10   9.9    1:00   4.2   0.0   2.6  10.5  45.1   23:30   SSW
29  14.4  17.5    0:15  10.8   00:00   3.9   0.0  13.8  12.1  53.1    4:15   SSW
30  11.6  16.2   13:00   8.6    7:35   6.7   0.0   5.4   6.0  40.2    1:45    NW
31  11.9  15.3   12:45   8.0   00:00   6.4   0.0   0.0  11.4  53.1   19:40    NW
-------------------------------------------------------------------------------------
    13.7  22.1     3     3.5     8   145.1   3.9  41.8   8.5  72.4    24      NE

Max >=  32.0:  0
Max <=   0.0:  0
Min <=   0.0:  0
Min <= -18.0:  0
Max Rain: 13.79 ON 29/12/17
Days of Rain: 10 (> .2 mm) 8 (> 2 mm) 0 (> 20 mm)
Heat Base:  18.3  Cool Base:  18.3  Method: Integration