NOAA Reports/Αναφορές NOAA

Select a Year or Month report
2018 > Jan Feb Mar Apr May Jun Jul Aug Sep Oct Nov Dec
2017 > Jan Feb Mar Apr May Jun Jul Aug Sep Oct Nov Dec
2016 > Jan Feb Mar Apr May Jun Jul Aug Sep Oct Nov Dec
2015 > Jan Feb Mar Apr May Jun Jul Aug Sep Oct Nov Dec

Report for 2017 Nov
                   MONTHLY CLIMATOLOGICAL SUMMARY for NOV. 2017

NAME: Timbakion Weather Station   CITY: Timbakion   STATE: Greece 
ELEV:    25 m  LAT: 35.074438  LONG: 24.759724

                   TEMPERATURE (C), RAIN  (mm), WIND SPEED (km/hr)

                                      HEAT  COOL        AVG
    MEAN                              DEG   DEG         WIND                 DOM
DAY TEMP  HIGH   TIME   LOW    TIME   DAYS  DAYS  RAIN  SPEED HIGH   TIME    DIR
------------------------------------------------------------------------------------
 1  16.3  20.4   13:55  11.5    6:00   2.4   0.4   0.0  12.4  49.9   14:45    NW
 2  15.3  19.2   13:30  11.4   21:15   3.0   0.1   0.0  14.3  51.5   11:30    NW
 3  16.0  20.9   11:05  11.1    6:10   2.9   0.6   0.0   7.7  30.6    1:40     E
 4  16.2  21.6   13:25  12.0    1:05   2.4   0.4   3.0   8.7  57.9   17:45    NW
 5  16.1  20.9   11:00  11.7    4:35   2.5   0.3   0.0  11.3  54.7   14:05    NW
 6  15.1  20.7   11:20   9.7    6:10   3.7   0.5   0.0   6.6  20.9   11:30    NE
 7  15.6  21.6   10:55   9.6    6:40   3.5   0.8   0.0   5.6  22.5   12:55     E
 8  17.1  22.7   14:00  11.7    6:15   2.4   1.2   0.0   4.2  17.7   14:25    NE
 9  17.3  22.0   13:25  12.6    5:15   2.0   1.1   0.0   6.6  30.6   14:35    NE
10  16.7  22.0   11:15  12.3   23:35   2.5   0.8   0.0   6.8  25.7   16:35    NE
11  15.9  22.1   11:00  10.3    5:50   3.2   0.9   0.6   5.0  20.9   13:05    NE
12  17.4  21.6   14:20  13.1    2:10   1.6   0.8   0.0   5.6  25.7   14:25     E
13  18.2  21.2    8:55  12.6   23:35   0.9   0.8   5.6   9.0  57.9   13:00     E
14  16.4  22.4   11:50  11.3    6:50   2.8   0.9   0.0   5.0  22.5   14:15     E
15  19.1  23.5   11:40  15.5    3:50   0.9   1.6   0.0   5.8  24.1   15:05    NE
16  18.7  23.8   13:25  14.6    5:30   1.1   1.5   0.0   5.1  20.9   12:05     E
17  17.9  21.4   12:05  14.5   23:10   1.2   0.8   0.0   5.1  20.9   14:30    NE
18  15.9  19.7   14:40  13.2   00:00   2.6   0.1   5.8   4.2  30.6    6:55     E
19  16.2  20.1   13:00  11.3    5:15   2.5   0.3   0.4   7.7  45.1   13:30   WSW
20  16.8  20.3   12:15  13.3    7:20   1.7   0.3   2.8  15.3  56.3   20:05    NW
21  13.3  16.1   13:15   9.3   23:40   5.0   0.0   0.0  11.6  46.7   12:30    NW
22  12.0  17.9   16:05   6.2    3:30   6.3   0.0   0.0   5.6  19.3    7:20    NE
23  13.7  19.6   11:00   7.8    6:25   4.8   0.2   0.0   5.3  19.3   12:35     E
24  14.2  20.3   11:20   9.1    7:10   4.3   0.2   0.0   4.5  16.1   12:25    NE
25  14.9  19.7   11:55  10.8    4:45   3.5   0.2   0.0   3.5  14.5   14:50    NE
26  15.4  19.5   12:00   9.8    7:30   3.1   0.2   0.0   6.1  24.1   15:20   WSW
27  15.2  18.2   15:20  12.5    1:40   3.1   0.0  15.8   9.2  72.4   20:40   WSW
28  14.6  17.7   11:25   9.9    7:45   3.7   0.0   0.0  10.5  45.1   20:10    NW
29  14.4  17.9   14:20   8.8    3:05   3.9   0.0   0.0   8.7  30.6   16:30   WSW
30  15.3  19.8   16:00  12.7    4:40   3.1   0.1   0.2   3.7  29.0   12:40    NE
-------------------------------------------------------------------------------------
    15.9  23.8    16     6.2    22    86.7  15.2  34.2   7.4  72.4    27      NE

Max >=  32.0:  0
Max <=   0.0:  0
Min <=   0.0:  0
Min <= -18.0:  0
Max Rain: 15.80 ON 27/11/17
Days of Rain: 8 (> .2 mm) 5 (> 2 mm) 0 (> 20 mm)
Heat Base:  18.3  Cool Base:  18.3  Method: Integration