NOAA Reports/Αναφορές NOAA

Select a Year or Month report
2018 > Jan Feb Mar Apr May Jun Jul Aug Sep Oct Nov Dec
2017 > Jan Feb Mar Apr May Jun Jul Aug Sep Oct Nov Dec
2016 > Jan Feb Mar Apr May Jun Jul Aug Sep Oct Nov Dec
2015 > Jan Feb Mar Apr May Jun Jul Aug Sep Oct Nov Dec

Report for 2017 Oct
                   MONTHLY CLIMATOLOGICAL SUMMARY for OCT. 2017

NAME: Timbakion Weather Station   CITY: Timbakion   STATE: Greece 
ELEV:    25 m  LAT: 35.074438  LONG: 24.759724

                   TEMPERATURE (C), RAIN  (mm), WIND SPEED (km/hr)

                                      HEAT  COOL        AVG
    MEAN                              DEG   DEG         WIND                 DOM
DAY TEMP  HIGH   TIME   LOW    TIME   DAYS  DAYS  RAIN  SPEED HIGH   TIME    DIR
------------------------------------------------------------------------------------
 1  21.1  25.8   13:10  16.5    6:25   0.2   3.0   0.0  10.9  43.5   17:25    NW
 2  21.0  25.1   12:55  16.7    4:20   0.2   2.8   0.0  15.8  56.3   17:55    NW
 3  20.0  23.3   12:55  16.2    2:50   0.3   2.0   0.0  18.3  61.2   15:30    NW
 4  20.7  25.6   16:35  14.8    6:35   0.4   2.8   0.0  15.9  54.7   15:20    NW
 5  22.4  28.2   15:00  15.0    1:20   0.3   4.4   0.0   9.7  41.8    7:35    NE
 6  21.4  25.3   12:10  16.0    7:15   0.2   3.3   0.0   4.7  24.1   12:20    NE
 7  22.9  26.6   10:32  18.3    7:05   0.0   4.6   0.0   9.7  38.6   16:45   WSW
 8  20.9  23.7   14:45  15.8   23:10   0.1   2.8   0.0  14.6  48.3   15:55    NW
 9  18.7  23.2   15:25  13.6    5:15   1.3   1.7   0.0   8.7  32.2   16:50    NE
10  18.8  24.4   11:20  12.5    6:50   1.6   2.0   0.0   8.2  40.2   18:25    NE
11  19.4  24.9   14:05  13.7    6:10   1.2   2.3   0.0  10.6  45.1   16:35    NE
12  20.0  25.1   12:50  15.0    4:10   0.8   2.5   0.0  12.7  56.3   14:35    NW
13  19.5  24.9   14:10  14.3    2:25   1.1   2.3   0.0  11.9  54.7   19:00    NW
14  20.2  25.5   13:45  14.0    5:50   1.1   2.9   0.0  13.2  62.8   17:00    NW
15  20.7  23.7   13:00  16.3   23:20   0.1   2.5   0.0  19.5  69.2   16:05    NW
16  20.3  25.7   13:50  14.1    4:55   0.9   2.9   0.0  12.9  57.9   16:40    NW
17  20.1  24.2   14:45  15.7    6:05   0.5   2.2   0.0  13.4  64.4   11:00    NW
18  18.8  24.9   11:50  12.8    7:45   1.6   2.0   0.0   5.6  24.1   14:30    NE
19  19.1  24.8   11:30  14.1    7:05   1.2   2.0   0.0   5.6  20.9   13:00    NE
20  18.9  24.2   11:00  12.8    7:20   1.4   2.0   0.0   5.6  24.1   15:15    NE
21  19.2  25.7   11:20  13.0    6:45   1.4   2.3   0.0   5.0  22.5   12:40    NE
22  19.2  25.6   11:25  13.6    7:25   1.2   2.1   0.0   5.3  22.5   14:30    NE
23  18.9  23.7   15:20  12.5    6:55   1.5   2.2   5.8   8.0  43.5   21:25   WSW
24  19.6  22.2   13:05  15.9   23:30   0.3   1.5   4.2  11.3  59.5   11:20   WSW
25  17.8  22.3   14:20  13.6    7:10   1.5   1.0   0.4   4.0  17.7    1:35     E
26  18.3  23.4   15:55  13.8    5:00   1.4   1.4   0.2   5.8  40.2   18:30    NE
27  17.8  22.2   15:15  13.7   22:50   1.2   0.7   0.0  10.1  41.8   16:00   NNW
28  17.9  22.6   13:45  11.3    7:20   2.2   1.8   4.8  10.1  37.0   15:00   WSW
29  18.4  21.6   15:50  14.9   23:45   0.6   0.7   0.0   9.3  38.6   11:10    NW
30  18.7  22.8   12:30  14.4    1:55   0.8   1.3   1.0   6.0  33.8    4:55    NE
31  17.3  22.6   12:15  14.4    4:05   1.7   0.7   0.0   6.1  25.7    9:35     E
-------------------------------------------------------------------------------------
    19.6  28.2     5    11.3    28    28.0  68.6  16.4  10.0  69.2    15      NE

Max >=  32.0:  0
Max <=   0.0:  0
Min <=   0.0:  0
Min <= -18.0:  0
Max Rain: 5.79 ON 23/10/17
Days of Rain: 6 (> .2 mm) 3 (> 2 mm) 0 (> 20 mm)
Heat Base:  18.3  Cool Base:  18.3  Method: Integration