NOAA Reports/Αναφορές NOAA

Select a Year or Month report
2018 > Jan Feb Mar Apr May Jun Jul Aug Sep Oct Nov Dec
2017 > Jan Feb Mar Apr May Jun Jul Aug Sep Oct Nov Dec
2016 > Jan Feb Mar Apr May Jun Jul Aug Sep Oct Nov Dec
2015 > Jan Feb Mar Apr May Jun Jul Aug Sep Oct Nov Dec

Report for 2017 Sep
                   MONTHLY CLIMATOLOGICAL SUMMARY for SEP. 2017

NAME: Timbakion Weather Station   CITY: Timbakion   STATE: Greece 
ELEV:    25 m  LAT: 35.074438  LONG: 24.759724

                   TEMPERATURE (C), RAIN  (mm), WIND SPEED (km/hr)

                                      HEAT  COOL        AVG
    MEAN                              DEG   DEG         WIND                 DOM
DAY TEMP  HIGH   TIME   LOW    TIME   DAYS  DAYS  RAIN  SPEED HIGH   TIME    DIR
------------------------------------------------------------------------------------
 1  24.4  30.9   15:45  16.3    7:00   0.1   6.2   0.0  11.3  51.5   15:50    NW
 2  24.2  29.9   10:15  17.2    5:00   0.1   5.9   0.0   6.8  27.4   21:05    NE
 3  25.0  32.2   10:00  19.3    7:30   0.0   6.7   0.0   4.7  19.3   11:25    SW
 4  25.6  33.2   12:05  19.8    6:25   0.0   7.2   0.0   6.0  33.8   18:55    NE
 5  24.1  29.7   10:35  17.6    7:20   0.0   5.8   0.0   7.2  29.0   16:20    NE
 6  25.2  29.2   12:10  19.8   23:45   0.0   6.9   0.0  13.2  53.1   13:50    NW
 7  23.2  28.1   10:00  17.3    5:35   0.0   5.0   0.0   8.5  24.1   14:20    NE
 8  22.8  27.9   10:20  17.1    7:30   0.1   4.6   0.0   6.1  22.5   12:00    NE
 9  23.1  28.4   10:35  17.9    7:15   0.0   4.8   0.0   4.8  22.5   15:05    NE
10  24.3  31.1   12:25  18.2    7:20   0.0   6.0   0.0   4.5  19.3   15:35    NE
11  25.6  33.6   17:55  18.8    7:00   0.0   7.3   0.0   3.7  19.3   12:15    NE
12  25.1  27.7   13:45  21.5   23:50   0.0   6.8   0.0  12.2  45.1   16:05   WSW
13  24.2  29.2   18:15  18.3    7:15   0.0   5.9   0.0   8.5  40.2   19:20    NE
14  25.7  32.0   17:15  19.0    7:20   0.0   7.4   0.0   9.3  41.8   17:30    NE
15  24.4  29.6   10:10  18.4    7:25   0.0   6.2   0.0   6.4  25.7   14:55    SW
16  24.4  31.1   11:05  17.9    6:40   0.0   6.2   0.0   7.7  27.4   15:20    NE
17  24.8  31.6   10:35  17.3    7:30   0.0   6.5   0.0   8.7  35.4   19:30    NE
18  26.0  32.1   11:05  19.2    3:45   0.0   7.7   0.0   5.3  20.9   20:40    NE
19  26.1  34.6   10:40  20.8    6:50   0.0   7.8   0.0   5.1  30.6   17:20    NE
20  24.9  31.5   16:40  19.3    6:10   0.0   6.6   0.0   5.6  37.0   23:20    SW
21  24.8  27.4   13:20  21.8    6:10   0.0   6.5   0.0  18.2  59.5   15:45   WSW
22  23.5  27.6   14:20  20.9   00:00   0.0   5.2   0.0  18.5  57.9   16:50    NW
23  21.3  26.1   10:30  15.4    6:15   0.5   3.4   0.0   7.6  27.4   14:05    NE
24  21.3  27.0   11:00  15.2    7:20   0.4   3.4   0.0   6.6  25.7    0:10    NE
25  21.3  25.7   10:25  16.4    5:00   0.3   3.3   0.0   6.8  29.0   14:15    NE
26  21.6  25.7   15:10  16.0    6:55   0.3   3.7   0.0   9.5  41.8   14:25   WSW
27  22.5  25.9   10:30  17.3    7:25   0.1   4.2   0.0   8.0  29.0   15:00   WSW
28  22.3  27.3   16:00  16.1    7:00   0.2   4.2   0.0   9.0  41.8   16:55    NE
29  21.5  25.4   15:05  18.4    6:20   0.0   3.2   0.0  11.3  49.9   14:40    NW
30  21.2  25.4   12:55  17.8   23:50   0.0   2.9   0.0   8.0  35.4   15:00     E
-------------------------------------------------------------------------------------
    23.8  34.6    19    15.2    24     2.1 167.5   0.0   8.3  59.5    21      NE

Max >=  32.0:  6
Max <=   0.0:  0
Min <=   0.0:  0
Min <= -18.0:  0
Max Rain: 0.00 ON 01/09/17
Days of Rain: 0 (> .2 mm) 0 (> 2 mm) 0 (> 20 mm)
Heat Base:  18.3  Cool Base:  18.3  Method: Integration