NOAA Reports/Αναφορές NOAA

Select a Year or Month report
2018 > Jan Feb Mar Apr May Jun Jul Aug Sep Oct Nov Dec
2017 > Jan Feb Mar Apr May Jun Jul Aug Sep Oct Nov Dec
2016 > Jan Feb Mar Apr May Jun Jul Aug Sep Oct Nov Dec
2015 > Jan Feb Mar Apr May Jun Jul Aug Sep Oct Nov Dec

Report for 2017 Aug
                   MONTHLY CLIMATOLOGICAL SUMMARY for AUG. 2017

NAME: Timbakion Weather Station   CITY: Timbakion   STATE: Greece 
ELEV:    25 m  LAT: 35.074438  LONG: 24.759724

                   TEMPERATURE (C), RAIN  (mm), WIND SPEED (km/hr)

                                      HEAT  COOL        AVG
    MEAN                              DEG   DEG         WIND                 DOM
DAY TEMP  HIGH   TIME   LOW    TIME   DAYS  DAYS  RAIN  SPEED HIGH   TIME    DIR
------------------------------------------------------------------------------------
 1  26.8  30.8   13:20  22.3    6:25   0.0   8.5   0.0  21.2  64.4   16:15    NW
 2  26.9  30.7   15:50  22.1    4:50   0.0   8.6   0.0  24.8  66.0   14:30   NNW
 3  26.9  31.4   15:00  21.3    2:00   0.0   8.6   0.0  16.4  62.8   13:25    NW
 4  29.4  33.1   15:10  24.2    5:10   0.0  11.1   0.0  15.9  67.6   11:50    NW
 5  30.7  34.8   14:50  24.4    3:00   0.0  12.4   0.0  17.1  57.9   17:35    NW
 6  31.1  36.2   13:30  24.6    6:20   0.0  12.7   0.0  11.1  53.1   15:35    NW
 7  31.1  36.8   15:35  25.4    2:30   0.0  12.8   0.0  12.6  45.1   14:20    NW
 8  29.6  35.9   14:50  23.6    6:55   0.0  11.3   0.0  11.7  54.7   15:45    NW
 9  30.2  35.1   14:20  25.9    7:40   0.0  11.9   0.0  17.2  59.5   15:20   NNW
10  30.2  34.4   16:05  26.2    6:35   0.0  11.9   0.0  21.9  64.4   19:15   NNW
11  30.9  34.2   14:40  26.7    1:25   0.0  12.6   0.0  23.3  69.2   11:35   NNW
12  30.4  37.0   16:05  22.6    4:55   0.0  12.2   0.0  13.0  51.5   11:05    NW
13  27.7  33.3   12:45  21.9    6:30   0.0   9.4   0.0  14.2  54.7   10:00   WSW
14  27.1  33.4   14:55  20.1    6:40   0.0   8.8   0.0  10.0  59.5   17:50    NW
15  27.8  32.3   15:10  22.4    2:15   0.0   9.5   0.0  16.6  64.4   12:30    NW
16  27.7  31.2   12:55  23.3    6:45   0.0   9.4   0.0  21.6  88.5   12:55    NW
17  27.9  30.4   14:25  25.0   23:30   0.0   9.7   0.0  24.9  74.0   11:50    NW
18  27.8  31.6   16:05  23.3    3:15   0.0   9.6   0.0  18.5  66.0   17:10    NW
19  26.6  32.2   10:50  20.8    4:40   0.0   8.3   0.0   8.2  51.5   19:35   ESE
20  26.9  32.1   11:00  21.6    6:05   0.0   8.6   0.0   8.4  46.7   19:20   WSW
21  25.6  30.1    9:40  20.9    7:10   0.0   7.2   0.0   6.0  32.2   17:00    SW
22  24.7  28.8    9:50  19.4    7:10   0.0   6.3   0.0   5.0  24.1   14:25    SW
23  26.2  31.1   16:35  22.2    7:25   0.0   7.9   0.0   9.3  38.6   16:45     E
24  25.9  30.1   17:10  21.0    5:25   0.0   7.6   0.0  17.9  66.0   10:00    NW
25  25.2  29.8   15:10  19.6    5:50   0.0   6.9   0.0  20.8  72.4    9:55    NW
26  25.7  31.1   14:55  19.3    6:05   0.0   7.3   0.0  17.7  59.5   13:40    NW
27  25.1  29.1   13:05  20.2    3:35   0.0   6.8   0.0  23.7  70.8   18:05    NW
28  24.8  29.3   13:20  19.7    6:30   0.0   6.5   0.0  18.2  74.0   17:00    NW
29  26.4  32.6   15:25  19.1    4:25   0.0   8.1   0.0  10.0  48.3   17:20    NW
30  25.3  30.9   15:30  20.3    2:30   0.0   7.1   0.0  18.5  62.8   16:05    NW
31  24.3  26.9   14:10  20.1   23:20   0.0   6.1   0.0  27.5  74.0   13:25    NW
-------------------------------------------------------------------------------------
    27.5  37.0    12    19.1    29     0.0 285.8   0.0  16.2  88.5    16      NW

Max >=  32.0: 15
Max <=   0.0:  0
Min <=   0.0:  0
Min <= -18.0:  0
Max Rain: 0.00 ON 01/08/17
Days of Rain: 0 (> .2 mm) 0 (> 2 mm) 0 (> 20 mm)
Heat Base:  18.3  Cool Base:  18.3  Method: Integration