NOAA Reports/Αναφορές NOAA

Select a Year or Month report
2018 > Jan Feb Mar Apr May Jun Jul Aug Sep Oct Nov Dec
2017 > Jan Feb Mar Apr May Jun Jul Aug Sep Oct Nov Dec
2016 > Jan Feb Mar Apr May Jun Jul Aug Sep Oct Nov Dec
2015 > Jan Feb Mar Apr May Jun Jul Aug Sep Oct Nov Dec

Report for 2017 Jul
                   MONTHLY CLIMATOLOGICAL SUMMARY for JUL. 2017

NAME: Timbakion Weather Station   CITY: Timbakion   STATE: Greece 
ELEV:    25 m  LAT: 35.074438  LONG: 24.759724

                   TEMPERATURE (C), RAIN  (mm), WIND SPEED (km/hr)

                                      HEAT  COOL        AVG
    MEAN                              DEG   DEG         WIND                 DOM
DAY TEMP  HIGH   TIME   LOW    TIME   DAYS  DAYS  RAIN  SPEED HIGH   TIME    DIR
------------------------------------------------------------------------------------
 1  34.8  43.2   14:50  28.5    6:00   0.0  16.5   0.0   7.1  51.5   16:50    NW
 2  34.1  41.8   18:15  28.0    5:30   0.0  15.8   0.0   6.1  46.7   19:55   NNE
 3  27.7  31.9    0:05  22.3    6:20   0.0   9.4   0.0   8.2  49.9   21:50   WSW
 4  26.5  31.2   12:45  19.4    5:00   0.0   8.2   0.0  16.6  66.0   16:15    NW
 5  25.4  27.4   15:45  23.3    1:40   0.0   7.1   0.0  31.9  90.1   14:55    NW
 6  25.8  29.5   15:50  21.7   00:00   0.0   7.5   0.0  28.0  77.2   13:30    NW
 7  27.1  31.4   15:55  20.3    3:25   0.0   8.7   0.0  18.0  72.4   13:40    NW
 8  28.6  33.2   14:25  22.5    2:10   0.0  10.3   0.0  16.4  57.9   14:00    NW
 9  28.7  35.3   12:00  21.5    3:00   0.0  10.4   0.0  10.3  57.9   14:40    NW
10  29.3  35.4   14:00  21.5    6:20   0.0  11.0   0.0  10.9  51.5   15:35    NW
11  28.9  34.4   14:40  21.0    5:55   0.0  10.6   0.0  13.5  62.8   15:30    NW
12  31.0  39.2   15:15  21.7    6:15   0.0  12.7   0.0   8.7  46.7   15:45    NW
13  27.4  33.9    9:30  22.3    4:55   0.0   9.1   0.0   3.5  20.9   23:40    SW
14  30.8  36.9   12:55  22.8    4:15   0.0  12.5   0.0  11.4  57.9   16:40    NW
15  29.2  36.2   15:45  22.8    3:20   0.0  10.9   0.0   5.5  35.4   18:50   NNE
16  27.6  31.7   10:05  23.9    5:20   0.0   9.3   0.0   4.7  25.7   12:15   WSW
17  26.1  31.5   11:00  21.3    5:45   0.0   7.8   0.0   6.3  35.4   16:30    SW
18  25.4  28.8   16:05  21.3    5:50   0.0   7.1   0.0  13.2  61.2   18:45    NW
19  25.0  28.0   16:40  20.8    6:15   0.0   6.7   0.0  21.4  72.4   12:10    NW
20  26.4  29.8   14:10  21.2    2:40   0.0   8.2   0.0  23.0  77.2   14:55    NW
21  26.7  30.0   13:55  21.3    6:05   0.0   8.4   0.0  20.6  72.4   15:00    NW
22  27.2  31.2   15:55  21.1    6:15   0.0   8.9   0.0  19.3  72.4   15:05    NW
23  29.1  36.1   16:45  21.0    5:10   0.0  10.8   0.0  12.2  51.5   14:00    NW
24  31.7  39.5   15:40  23.6    3:40   0.0  13.4   0.0   9.0  46.7   17:55    NW
25  27.9  36.2   10:00  23.5    5:30   0.0   9.6   0.0   3.5  17.7   11:00    SW
26  25.6  28.8   15:40  21.4    6:10   0.0   7.3   0.0   8.7  37.0   16:40    SW
27  25.8  27.8   13:05  23.4   00:00   0.0   7.5   0.0  16.6  48.3   12:50   WSW
28  25.6  30.9   18:10  20.1    2:25   0.0   7.3   0.0   9.8  41.8   18:30   WSW
29  26.5  33.1   15:05  19.4    6:45   0.0   8.2   0.0   8.9  53.1   15:15    NW
30  27.9  33.9   16:30  20.2    3:45   0.0   9.6   0.0  13.2  54.7   18:35    NW
31  27.2  31.3   14:35  21.6    5:20   0.0   8.9   0.0  22.2  75.6   16:05    NW
-------------------------------------------------------------------------------------
    28.0  43.2     1    19.4     4     0.0 299.7   0.0  13.2  90.1     5      NW

Max >=  32.0: 15
Max <=   0.0:  0
Min <=   0.0:  0
Min <= -18.0:  0
Max Rain: 0.00 ON 01/07/17
Days of Rain: 0 (> .2 mm) 0 (> 2 mm) 0 (> 20 mm)
Heat Base:  18.3  Cool Base:  18.3  Method: Integration