NOAA Reports/Αναφορές NOAA

Select a Year or Month report
2018 > Jan Feb Mar Apr May Jun Jul Aug Sep Oct Nov Dec
2017 > Jan Feb Mar Apr May Jun Jul Aug Sep Oct Nov Dec
2016 > Jan Feb Mar Apr May Jun Jul Aug Sep Oct Nov Dec
2015 > Jan Feb Mar Apr May Jun Jul Aug Sep Oct Nov Dec

Report for 2017 Jun
                   MONTHLY CLIMATOLOGICAL SUMMARY for JUN. 2017

NAME: Timbakion Weather Station   CITY: Timbakion   STATE: Greece 
ELEV:    25 m  LAT: 35.074438  LONG: 24.759724

                   TEMPERATURE (C), RAIN  (mm), WIND SPEED (km/hr)

                                      HEAT  COOL        AVG
    MEAN                              DEG   DEG         WIND                 DOM
DAY TEMP  HIGH   TIME   LOW    TIME   DAYS  DAYS  RAIN  SPEED HIGH   TIME    DIR
------------------------------------------------------------------------------------
 1  19.6  23.7   13:10  13.3    6:20   1.0   2.3   0.0   4.2  20.9   12:00   WSW
 2  21.2  31.1   10:25  15.1    4:05   0.6   3.5   0.0   3.9  29.0   10:30    SW
 3  20.6  25.7    9:50  14.8    6:00   0.5   2.8   0.0   3.9  27.4   10:00   WSW
 4  21.6  25.5   11:55  16.7    2:55   0.2   3.6   0.0   4.3  24.1   12:45   WSW
 5  22.1  27.5    9:50  16.6    5:35   0.1   3.9   0.0   5.5  25.7   10:25    SW
 6  22.0  26.5    9:35  16.3    6:15   0.2   3.9   0.0   4.7  29.0   12:40   WSW
 7  23.6  30.6   11:50  18.7    6:15   0.0   5.3   0.0   4.5  32.2   12:30   WSW
 8  25.2  31.1   13:05  20.4    7:35   0.0   6.9   2.6   7.6  41.8   23:35   ESE
 9  23.4  28.6   11:05  18.8    5:45   0.0   5.2   0.0   6.4  35.4    0:15    SW
10  23.0  26.9    9:05  17.7    4:55   0.0   4.7   0.0   4.5  22.5   12:00    SW
11  22.4  28.1    9:25  16.8    6:05   0.1   4.3   0.0   5.0  24.1   12:20    SW
12  23.7  28.1   14:50  18.7    6:55   0.0   5.4   0.0  12.6  54.7   20:30    NW
13  23.4  27.8   13:05  18.0    6:35   0.0   5.1   0.0  14.0  57.9   18:15    NW
14  25.7  33.2   16:40  17.8    4:00   0.0   7.4   0.0   8.0  40.2   18:20    NW
15  24.9  29.3   16:10  19.9    5:50   0.0   6.6   0.0   3.4  19.3   13:00    SW
16  23.6  26.3   14:15  18.9    5:20   0.0   5.2   0.0   4.2  20.9   13:25   WSW
17  23.9  28.8    9:20  20.1    6:30   0.0   5.7   0.0   5.8  32.2   16:25    SW
18  23.8  27.6    9:40  19.4    5:45   0.0   5.5   0.0   6.8  30.6   13:20    SW
19  23.8  27.7   14:20  20.6    6:10   0.0   5.5   0.0  15.4  51.5   18:15    NW
20  23.4  28.0   15:55  17.6    6:15   0.0   5.1   0.0  11.4  53.1   11:50    NW
21  24.9  29.9   15:45  17.4    5:45   0.0   6.6   0.0  10.9  51.5   16:15    NW
22  25.6  31.7   16:25  19.7    5:25   0.0   7.3   0.0   8.4  49.9   17:30   NNE
23  24.7  32.1    9:55  18.1    5:45   0.0   6.4   0.0   4.5  30.6   16:50   NNE
24  24.2  30.8    9:20  18.7    5:15   0.0   5.9   0.0   3.7  22.5   11:15    SW
25  25.3  30.6    9:30  20.0    6:35   0.0   7.0   0.0   4.5  22.5   13:35   NNE
26  27.6  34.2   10:10  22.1    6:40   0.0   9.2   0.0   4.2  24.1   12:55   NNE
27  26.5  30.7    9:05  22.3    5:25   0.0   8.2   0.0   4.3  24.1   16:10    SW
28  25.1  28.8   12:20  20.1    5:50   0.0   6.8   0.0   3.5  22.5   15:25   WSW
29  26.6  30.9   17:35  20.2    4:40   0.0   8.3   0.0   3.1  17.7   12:15    SW
30  31.9  40.7   18:55  24.2    4:20   0.0  13.6   0.0   5.1  40.2   19:10   NNE
-------------------------------------------------------------------------------------
    24.1  40.7    30    13.3     1     2.9 176.9   2.6   6.3  57.9    13     WSW

Max >=  32.0:  4
Max <=   0.0:  0
Min <=   0.0:  0
Min <= -18.0:  0
Max Rain: 2.59 ON 08/06/17
Days of Rain: 1 (> .2 mm) 1 (> 2 mm) 0 (> 20 mm)
Heat Base:  18.3  Cool Base:  18.3  Method: Integration