NOAA Reports/Αναφορές NOAA

Select a Year or Month report
2018 > Jan Feb Mar Apr May Jun Jul Aug Sep Oct Nov Dec
2017 > Jan Feb Mar Apr May Jun Jul Aug Sep Oct Nov Dec
2016 > Jan Feb Mar Apr May Jun Jul Aug Sep Oct Nov Dec
2015 > Jan Feb Mar Apr May Jun Jul Aug Sep Oct Nov Dec

Report for 2017 May
                   MONTHLY CLIMATOLOGICAL SUMMARY for MAY. 2017

NAME: Timbakion Weather Station   CITY: Timbakion   STATE: Greece 
ELEV:    25 m  LAT: 35.074438  LONG: 24.759724

                   TEMPERATURE (C), RAIN  (mm), WIND SPEED (km/hr)

                                      HEAT  COOL        AVG
    MEAN                              DEG   DEG         WIND                 DOM
DAY TEMP  HIGH   TIME   LOW    TIME   DAYS  DAYS  RAIN  SPEED HIGH   TIME    DIR
------------------------------------------------------------------------------------
 1  19.6  23.9   14:25  15.7   23:50   0.6   1.9   0.6  15.1  57.9   17:35   WSW
 2  20.2  26.3   12:15  15.4    3:15   0.6   2.5   0.0   7.9  37.0   14:30    SW
 3  18.3  21.7   16:30  12.9    6:05   1.3   1.3   0.0   4.8  25.7   14:00    SW
 4  18.4  23.8   10:00  12.9    6:15   1.4   1.6   0.0   3.9  22.5   13:45    SW
 5  19.3  25.0   19:40  13.1    6:55   1.2   2.2   0.0   6.1  38.6   19:55    SW
 6  19.5  24.0    9:35  14.2    5:55   0.8   2.0   0.0   7.4  37.0   14:10    SW
 7  19.2  25.0    9:40  13.3    5:50   1.1   1.9   0.0   4.2  24.1   21:35   WSW
 8  21.0  29.7   13:25  14.6    7:05   1.0   3.8   0.0   2.1  20.9   14:10   NNE
 9  21.3  25.2    2:35  16.5   00:00   0.0   3.1   0.0  10.1  46.7   15:45   WSW
10  18.4  22.2   19:25  12.6    4:15   1.4   1.6   0.0   8.5  38.6   19:35   WSW
11  18.9  25.4   10:40  12.5    5:10   1.6   2.2   0.0   3.5  22.5   14:15   WSW
12  19.9  29.1   10:40  13.7    6:40   1.1   2.7   0.0   2.7  20.9   11:30   WSW
13  22.3  29.1   10:45  15.9    5:35   0.5   4.6   0.0   2.4  22.5   15:05   NNE
14  22.7  29.3   20:10  17.6    5:30   0.1   4.5   0.0   4.3  25.7   18:50    SW
15  24.1  27.3   18:30  19.1    6:55   0.0   5.8   0.0   5.8  32.2   19:55    SW
16  21.9  26.3   15:15  17.8    5:15   0.0   3.7   0.0  13.4  61.2   14:05    NW
17  19.4  24.2   14:30  13.8    6:55   0.9   2.0   0.0   8.7  43.5   20:35    NW
18  18.2  23.1   12:30  15.7    7:05   0.7   0.6   1.8   5.1  37.0   11:20   ESE
19  17.9  20.8   15:05  13.4   23:40   1.2   0.7   3.0  17.7  72.4   11:45    NW
20  20.4  26.2   13:55  13.9    1:15   0.2   2.4   0.0  13.8  41.8    3:50   WNW
21  18.8  21.7   14:10  14.7    4:15   0.8   1.2   0.0   9.5  33.8   11:35   WSW
22  18.7  23.7   13:15  14.3    6:25   1.3   1.6   0.8  12.6  69.2   13:50    NW
23  21.1  27.1   15:55  13.2    6:15   1.0   3.8   0.0   8.0  45.1   14:15    NW
24  19.7  25.3    9:30  14.0    6:10   1.0   2.3   0.0   4.5  22.5   13:05   WSW
25  18.7  22.9   16:15  12.9    5:55   1.4   1.7   0.0   5.1  30.6   16:25    SW
26  18.7  22.6   13:55  13.7    4:20   1.2   1.6   0.0   7.6  48.3   16:05    SW
27  19.8  22.9   17:20  17.1   00:00   0.1   1.6   0.2   6.8  32.2   21:10    SW
28  18.8  23.8   14:00  12.8    5:25   1.4   1.9   1.4   6.9  38.6   15:00   NNE
29  19.2  23.5   14:05  14.4    6:25   0.8   1.7   0.2   7.4  45.1   11:45    NW
30  19.4  23.1   11:35  14.7    6:30   0.8   1.9   0.0   6.9  32.2    9:30   NNE
31  19.4  23.3   16:15  13.1    6:05   1.2   2.3   0.0   5.3  25.7   12:10    SW
-------------------------------------------------------------------------------------
    19.8  29.7     8    12.5    11    26.4  72.7   8.0   7.4  72.4    19      SW

Max >=  32.0:  0
Max <=   0.0:  0
Min <=   0.0:  0
Min <= -18.0:  0
Max Rain: 3.00 ON 19/05/17
Days of Rain: 7 (> .2 mm) 1 (> 2 mm) 0 (> 20 mm)
Heat Base:  18.3  Cool Base:  18.3  Method: Integration