NOAA Reports/Αναφορές NOAA

Select a Year or Month report
2018 > Jan Feb Mar Apr May Jun Jul Aug Sep Oct Nov Dec
2017 > Jan Feb Mar Apr May Jun Jul Aug Sep Oct Nov Dec
2016 > Jan Feb Mar Apr May Jun Jul Aug Sep Oct Nov Dec
2015 > Jan Feb Mar Apr May Jun Jul Aug Sep Oct Nov Dec

Report for 2017 Apr
                   MONTHLY CLIMATOLOGICAL SUMMARY for APR. 2017

NAME: Timbakion Weather Station   CITY: Timbakion   STATE: Greece 
ELEV:    25 m  LAT: 35.074438  LONG: 24.759724

                   TEMPERATURE (C), RAIN  (mm), WIND SPEED (km/hr)

                                      HEAT  COOL        AVG
    MEAN                              DEG   DEG         WIND                 DOM
DAY TEMP  HIGH   TIME   LOW    TIME   DAYS  DAYS  RAIN  SPEED HIGH   TIME    DIR
------------------------------------------------------------------------------------
 1  14.7  17.2   14:25  10.0   23:45   3.6   0.0   0.0  25.9  75.6    4:05   NNW
 2  13.7  21.5   12:10   7.9    3:40   4.7   0.1   0.0   4.0  24.1   12:40   NNE
 3  14.0  21.3   17:35   6.9    7:05   4.7   0.4   0.0   2.3  20.9   12:15   WSW
 4  16.6  22.8   10:45  11.3    5:50   2.7   1.0   0.0   3.1  22.5   14:00   NNE
 5  15.9  21.9   13:35  10.2    6:35   2.9   0.5   0.0   4.3  25.7   16:00   NNE
 6  15.2  20.8   17:10   9.2    6:15   3.5   0.4   0.0   6.8  38.6   17:15    NW
 7  14.8  19.1   14:45   9.1    7:10   3.5   0.0   0.0   9.3  48.3   15:35   WSW
 8  16.8  21.1   12:40  12.2   23:15   1.7   0.3   0.0  10.6  54.7   17:25    NW
 9  14.3  19.6   15:25   7.7    4:55   4.1   0.1   0.0   5.3  27.4   16:05   NNE
10  15.1  19.9   15:35  11.2    6:50   3.3   0.1   0.0   7.6  46.7   15:05    NW
11  15.2  19.9   11:20  10.1    5:00   3.2   0.1   0.0   4.5  22.5    6:55   WSW
12  15.2  19.8   13:25  12.4   00:00   3.1   0.0   0.0   2.6  22.5   19:25   ESE
13  16.6  20.5   13:50  11.1    1:10   2.1   0.4   0.0  13.4  66.0   16:35    NW
14  16.3  21.1   11:35  10.1    6:10   2.5   0.5   0.0   5.1  29.0   15:10   WSW
15  15.7  20.3   11:45   9.5    6:55   2.9   0.2   0.2   5.5  32.2   16:25   WSW
16  15.3  18.8   14:40  10.5    6:00   3.0   0.0   0.0   6.4  27.4   12:10    SW
17  15.2  21.8   14:10  10.6    6:55   3.3   0.2   0.2   3.5  27.4   15:10   NNE
18  15.4  19.9   12:45  10.3    7:10   3.2   0.3   0.2   8.9  45.1   14:35   WSW
19  15.5  19.1   14:50  11.4    5:55   2.9   0.1   0.0   4.3  24.1   13:05    SW
20  18.4  25.1   10:40  10.8    3:10   1.6   1.7   0.0   4.2  29.0   16:55   WSW
21  18.0  23.6   12:50  15.0    5:20   1.3   1.0   0.0   7.4  48.3   14:35   ESE
22  12.7  15.5    0:10  10.0   23:30   5.6   0.0   7.0  12.9  51.5   20:05   NNW
23  13.9  18.2   12:40   7.2    7:10   4.4   0.0   0.0  12.1  40.2    3:40    NW
24  13.9  19.1   17:35   7.3    6:50   4.4   0.1   0.0   4.0  24.1   12:20    SW
25  15.2  20.3   10:05   8.9    6:35   3.5   0.4   0.0   4.2  20.9   11:55    SW
26  15.6  23.3   10:45   8.4    6:15   3.5   0.8   0.0   3.9  24.1   12:20   WSW
27  15.8  23.7   10:35   8.8    5:30   3.4   0.9   0.0   4.0  27.4   12:40   NNE
28  16.6  25.3   10:15   8.9    6:30   3.2   1.5   0.0   2.6  16.1   10:30   WSW
29  17.6  23.7   10:45  10.3    5:45   2.4   1.7   0.0   2.6  17.7   12:30   WSW
30  19.8  26.2   10:05  16.0    7:10   0.2   1.8   0.0   9.5  37.0   21:55   WSW
-------------------------------------------------------------------------------------
    15.6  26.2    30     6.9     3    94.4  14.8   7.6   6.7  75.6     1     WSW

Max >=  32.0:  0
Max <=   0.0:  0
Min <=   0.0:  0
Min <= -18.0:  0
Max Rain: 7.01 ON 22/04/17
Days of Rain: 4 (> .2 mm) 1 (> 2 mm) 0 (> 20 mm)
Heat Base:  18.3  Cool Base:  18.3  Method: Integration