NOAA Reports/Αναφορές NOAA

Select a Year or Month report
2018 > Jan Feb Mar Apr May Jun Jul Aug Sep Oct Nov Dec
2017 > Jan Feb Mar Apr May Jun Jul Aug Sep Oct Nov Dec
2016 > Jan Feb Mar Apr May Jun Jul Aug Sep Oct Nov Dec
2015 > Jan Feb Mar Apr May Jun Jul Aug Sep Oct Nov Dec

Report for 2017 Mar
                   MONTHLY CLIMATOLOGICAL SUMMARY for MAR. 2017

NAME: Timbakion Weather Station   CITY: Timbakion   STATE: Greece 
ELEV:    25 m  LAT: 35.074438  LONG: 24.759724

                   TEMPERATURE (C), RAIN  (mm), WIND SPEED (km/hr)

                                      HEAT  COOL        AVG
    MEAN                              DEG   DEG         WIND                 DOM
DAY TEMP  HIGH   TIME   LOW    TIME   DAYS  DAYS  RAIN  SPEED HIGH   TIME    DIR
------------------------------------------------------------------------------------
 1  13.7  17.9   14:30   7.2    7:00   4.6   0.0   0.0   7.4  35.4   19:15   WSW
 2  15.3  18.0   10:25   9.6   00:00   3.0   0.0   4.6  15.4  59.5   13:45    NW
 3  13.6  19.5   16:50   7.6    4:25   4.7   0.0   0.0   5.5  29.0   17:40     E
 4  13.1  19.9   10:55   6.7    6:35   5.3   0.0   0.0   3.5  22.5   13:25   NNE
 5  12.6  18.3   10:05   6.8    6:45   5.8   0.0   0.0   3.4  22.5   14:30    SW
 6  13.1  17.5   13:00   8.0    5:15   5.2   0.0   0.2   4.7  24.1   12:45    SW
 7  13.1  17.4   10:40   8.8    1:50   5.2   0.0   3.0   4.5  40.2   13:40    SW
 8  13.8  16.3   12:55   9.7   00:00   4.5   0.0   8.8   7.4  57.9    9:30   SSE
 9  10.9  15.4   15:00   7.7    4:05   7.4   0.0  28.2   2.1  22.5   11:05   NNE
10  11.8  16.7   11:55   8.1    0:05   6.5   0.0   0.6   5.8  30.6    9:30    NW
11  10.8  16.6   12:00   7.6    6:35   7.5   0.0  27.2   3.4  38.6   17:00   NNE
12  12.1  14.7   16:15   8.2    1:45   6.2   0.0   7.8  12.7  54.7   16:30    NW
13  12.9  17.6   13:45   7.3    3:55   5.4   0.0   0.0   9.0  40.2   10:00    NW
14  12.5  17.4   13:30   7.2   00:00   5.8   0.0   4.2   6.3  33.8    2:30   NNW
15  11.8  16.8    9:25   6.8    1:40   6.5   0.0   0.0  10.5  53.1   10:45    NW
16  11.2  16.6   15:10   5.5    6:35   7.1   0.0   0.0   4.3  25.7    9:35   NNE
17  11.4  17.4   11:00   6.2    4:20   6.9   0.0   0.0   3.9  27.4   18:35   NNE
18  12.8  17.9   16:15   6.7    6:05   5.5   0.0   0.0   6.6  45.1   10:05   NNE
19  12.8  17.4   11:55   5.7    6:20   5.5   0.0   0.0  10.3  43.5   12:15   WSW
20  14.9  18.4   12:15   9.4    6:35   3.4   0.0   0.0   5.8  30.6   14:00   WSW
21  15.1  19.3   10:05  10.3    6:45   3.2   0.0   0.0   4.5  35.4   22:15   WSW
22  13.4  18.6   15:15  10.1   00:00   4.9   0.0   3.4   2.6  20.9   17:00   ESE
23  14.4  19.2    9:40   8.7    4:20   3.9   0.0   0.0   5.1  29.0   20:50   NNE
24  15.4  23.2   11:55   9.1    4:45   3.5   0.6   0.0   4.3  29.0    5:30   NNE
25  14.9  22.2   10:55   8.0    4:30   3.9   0.5   0.0   4.3  29.0    7:10   ESE
26  13.9  20.6   10:40   6.8    6:40   4.3   0.1   0.0   3.5  27.4   18:15   WSW
27  15.7  20.3   17:30  11.1    6:25   2.9   0.3   0.0   5.0  35.4   18:35   ESE
28  14.2  18.2   14:30  11.6   23:00   4.1   0.0   1.8   7.4  45.1   17:55   ESE
29  13.7  18.1   16:10  10.6    7:25   4.6   0.0   1.6   1.8  17.7    6:15   ESE
30  13.4  18.4   15:35   8.9    4:05   4.9   0.0   2.6  10.8  61.2   13:10    NW
31  15.2  18.3   16:20  11.9    4:45   3.1   0.0   0.4  16.3  64.4   15:30    NW
-------------------------------------------------------------------------------------
    13.3  23.2    24     5.5    16   155.3   1.6  94.4   6.4  64.4    31     NNE

Max >=  32.0:  0
Max <=   0.0:  0
Min <=   0.0:  0
Min <= -18.0:  0
Max Rain: 28.19 ON 09/03/17
Days of Rain: 14 (> .2 mm) 9 (> 2 mm) 2 (> 20 mm)
Heat Base:  18.3  Cool Base:  18.3  Method: Integration