NOAA Reports/Αναφορές NOAA

Select a Year or Month report
2018 > Jan Feb Mar Apr May Jun Jul Aug Sep Oct Nov Dec
2017 > Jan Feb Mar Apr May Jun Jul Aug Sep Oct Nov Dec
2016 > Jan Feb Mar Apr May Jun Jul Aug Sep Oct Nov Dec
2015 > Jan Feb Mar Apr May Jun Jul Aug Sep Oct Nov Dec

Report for 2017 Feb
                   MONTHLY CLIMATOLOGICAL SUMMARY for FEB. 2017

NAME: Timbakion Weather Station   CITY: Timbakion   STATE: Greece 
ELEV:    25 m  LAT: 35.074438  LONG: 24.759724

                   TEMPERATURE (C), RAIN  (mm), WIND SPEED (km/hr)

                                      HEAT  COOL        AVG
    MEAN                              DEG   DEG         WIND                 DOM
DAY TEMP  HIGH   TIME   LOW    TIME   DAYS  DAYS  RAIN  SPEED HIGH   TIME    DIR
------------------------------------------------------------------------------------
 1   9.8  16.2   16:15   4.3    7:15   8.5   0.0   0.0   5.3  37.0   11:20   NNE
 2  10.2  15.7   10:50   4.9    5:25   8.1   0.0   0.0   2.4  17.7   12:05   NNE
 3  11.4  16.4   10:30   5.8    7:25   6.8   0.0   0.0   2.9  19.3   12:05    SW
 4  12.4  17.2   10:00   8.1    7:30   5.9   0.0   0.0   4.8  30.6   15:10   WSW
 5  13.2  17.1   12:30   7.3    4:45   5.1   0.0   0.0   7.2  29.0   15:20   WSW
 6  14.9  19.1   14:45  11.9    5:45   3.4   0.0   0.0   4.0  20.9   15:20   WSW
 7  12.9  16.3   11:10   8.2   23:30   5.4   0.0   1.6   2.7  27.4   12:20   NNE
 8  11.7  16.7   14:55   6.4    5:00   6.6   0.0   0.0   2.9  20.9   14:40   NNE
 9  12.6  18.7   11:35   7.3    3:15   5.7   0.0   0.0   3.9  22.5   12:55   NNE
10  12.3  17.9   13:10   7.1    6:05   6.0   0.0   0.4   2.4  24.1   15:00   NNE
11  11.8  16.5   11:55   8.4    2:15   6.5   0.0   1.0   7.2  46.7    3:00    NW
12  10.7  12.2   10:50   8.7    1:20   7.6   0.0   0.2  30.9  99.8   14:20   NNW
13   9.4  11.2   12:40   7.1   23:45   8.9   0.0   0.0  28.2  77.2   12:50   NNW
14   8.9  12.1   12:50   5.4   00:00   9.4   0.0   0.0  20.9  74.0    1:45   NNW
15   9.6  13.3   13:55   3.4    7:00   8.7   0.0   0.0  14.3  53.1   15:10    NW
16  11.1  13.8   12:35   7.5   22:35   7.2   0.0   0.0  23.7  90.1    9:20   NNW
17   9.9  15.4   12:15   3.1    7:15   8.4   0.0   0.0   7.1  41.8    0:15   NNE
18  10.2  16.4   14:10   3.6    5:15   8.1   0.0   0.0   2.9  22.5   14:15    SW
19  11.7  16.8   14:00   7.1    5:20   6.6   0.0   0.0   2.9  22.5   13:30    SW
20  11.4  17.3   12:15   5.9    6:10   6.9   0.0   0.0   2.6  19.3   15:50    SW
21  12.4  18.6   13:05   6.1    4:05   5.9   0.0   0.0   3.7  30.6   13:15   ESE
22  12.6  17.9   11:20   7.4    7:10   5.7   0.0   0.0   3.7  29.0   13:40   NNE
23  12.4  16.6   13:25   6.4    5:00   5.9   0.0   0.0   7.6  32.2   12:15   WSW
24  14.2  17.3   11:40   9.8   00:00   4.1   0.0   0.4   7.2  30.6   12:25   WSW
25  13.1  20.4   13:30   8.0    7:05   5.4   0.2   0.2   1.6  16.1   14:05   NNE
26  13.6  20.7   10:30   7.6    5:00   4.8   0.1   0.0   1.6  19.3   21:05   WSW
27  13.9  19.9   12:45   8.8    5:50   4.4   0.1   0.0   2.1  17.7   13:25   NNE
28  15.3  19.4   14:55  11.0   23:45   3.1   0.1   0.0   4.7  30.6   15:55   ESE
-------------------------------------------------------------------------------------
    11.9  20.7    26     3.1    17   179.0   0.4   3.8   7.6  99.8    12     NNE

Max >=  32.0:  0
Max <=   0.0:  0
Min <=   0.0:  0
Min <= -18.0:  0
Max Rain: 1.60 ON 07/02/17
Days of Rain: 6 (> .2 mm) 0 (> 2 mm) 0 (> 20 mm)
Heat Base:  18.3  Cool Base:  18.3  Method: Integration