NOAA Reports/Αναφορές NOAA

Select a Year or Month report
2018 > Jan Feb Mar Apr May Jun Jul Aug Sep Oct Nov Dec
2017 > Jan Feb Mar Apr May Jun Jul Aug Sep Oct Nov Dec
2016 > Jan Feb Mar Apr May Jun Jul Aug Sep Oct Nov Dec
2015 > Jan Feb Mar Apr May Jun Jul Aug Sep Oct Nov Dec

Report for 2017 Jan
                   MONTHLY CLIMATOLOGICAL SUMMARY for JAN. 2017

NAME: Timbakion Weather Station   CITY: Timbakion   STATE: Greece 
ELEV:    25 m  LAT: 35.074438  LONG: 24.759724

                   TEMPERATURE (C), RAIN  (mm), WIND SPEED (km/hr)

                                      HEAT  COOL        AVG
    MEAN                              DEG   DEG         WIND                 DOM
DAY TEMP  HIGH   TIME   LOW    TIME   DAYS  DAYS  RAIN  SPEED HIGH   TIME    DIR
------------------------------------------------------------------------------------
 1   6.7  11.8   13:45   2.7    1:05  11.6   0.0   0.0   4.7  37.0   19:25   NNE
 2   7.9  14.2   15:25   1.6    7:30  10.4   0.0   0.0   4.8  27.4   14:30   NNE
 3  10.3  16.7   15:00   4.9    1:20   8.0   0.0   0.6   5.5  41.8   17:00   NNE
 4  11.1  15.9   11:35   6.2    7:30   7.2   0.0  17.4   3.4  49.9   22:10   NNE
 5  14.9  16.6   12:25  11.8    2:35   3.3   0.0  34.4  18.3  48.3    0:45    SW
 6  12.9  16.2    0:10   8.9   19:15   5.3   0.0  23.8  19.0  61.2   13:55   SSW
 7   7.6  11.6    0:05   3.4   23:25  10.7   0.0   2.4  13.4  48.3    7:25    NW
 8   4.2   7.6   12:10   1.6   22:10  14.1   0.0   2.0  10.5  49.9    5:20   NNW
 9   5.6  10.8   15:25  -0.1    5:25  12.7   0.0   2.6   2.6  20.9   12:50   NNE
10   7.2  11.4   14:15   2.9    7:40  11.1   0.0  10.2   9.5  59.5   11:00    NW
11  10.1  15.4   12:20   2.9    2:35   8.3   0.0   1.0   6.4  37.0   12:55   SSW
12  13.4  15.4   13:05   7.1   00:00   4.9   0.0   0.0   9.7  38.6    3:05   WSW
13   9.7  16.4   11:15   3.3    7:20   8.6   0.0   0.0   4.0  30.6    1:10   NNE
14  11.1  16.6   11:50   5.5    7:20   7.2   0.0   5.0   2.6  24.1   19:10   NNE
15  11.7  15.9   00:00   7.8    7:10   6.6   0.0   8.6   3.2  43.5   23:40   NNE
16  14.3  16.1    0:55  11.3   00:00   4.0   0.0   4.2  11.9  61.2    9:15    SW
17  12.4  17.1   13:20   8.7   00:00   5.8   0.0   3.4   5.1  29.0   15:50    SW
18  11.3  17.2   12:35   6.2    5:30   7.0   0.0   0.0   2.7  22.5   13:20   NNE
19  11.1  16.7   14:50   6.0    6:40   7.2   0.0   1.2   3.4  25.7   10:30   NNE
20  10.9  15.3   11:40   7.9    3:00   7.4   0.0   0.2   8.7  51.5   15:05    NW
21  10.6  13.5   13:15   6.9   22:35   7.7   0.0   0.0  14.6  49.9   14:50   NNW
22   9.1  13.7   13:05   4.5    6:40   9.2   0.0   0.0   9.3  37.0   13:55   NNE
23  10.7  14.9   11:50   4.8    2:15   7.6   0.0   0.2   3.2  30.6   21:00    NE
24  14.2  17.1   12:50  11.7    4:15   4.1   0.0   4.8   6.0  43.5   23:35   ESE
25  12.9  17.0   12:45   9.8    7:40   5.4   0.0   0.0  11.1  40.2   16:25    NW
26   9.9  13.1   11:00   6.5   00:00   8.4   0.0   0.2  12.6  66.0   14:55    NW
27   7.6   9.8   12:30   2.8   23:10  10.7   0.0   0.0  15.8  61.2    6:10    NW
28   7.8  12.8   16:20   2.1    5:50  10.5   0.0   0.0   8.9  46.7   12:45   NNE
29   8.5  14.5   12:45   2.1    7:25   9.8   0.0   0.0   3.1  24.1   18:15   ESE
30   9.8  13.9   13:40   6.7    4:55   8.5   0.0   0.0   9.3  48.3   11:25    NW
31   9.5  12.6   13:30   5.7    6:15   8.8   0.0   0.0  17.7  61.2   16:10    NW
-------------------------------------------------------------------------------------
    10.2  17.2    18    -0.1     9   252.2   0.0 122.2   8.4  66.0    26     NNE

Max >=  32.0:  0
Max <=   0.0:  0
Min <=   0.0:  1
Min <= -18.0:  0
Max Rain: 34.39 ON 05/01/17
Days of Rain: 18 (> .2 mm) 12 (> 2 mm) 2 (> 20 mm)
Heat Base:  18.3  Cool Base:  18.3  Method: Integration