NOAA Reports/Αναφορές NOAA

Select a Year or Month report
2018 > Jan Feb Mar Apr May Jun Jul Aug Sep Oct Nov Dec
2017 > Jan Feb Mar Apr May Jun Jul Aug Sep Oct Nov Dec
2016 > Jan Feb Mar Apr May Jun Jul Aug Sep Oct Nov Dec
2015 > Jan Feb Mar Apr May Jun Jul Aug Sep Oct Nov Dec

Report for 2016 Dec
                   MONTHLY CLIMATOLOGICAL SUMMARY for DEC. 2016

NAME: Timbakion Weather Station   CITY: Timbakion   STATE: Greece 
ELEV:    25 m  LAT: 35.074438  LONG: 24.759724

                   TEMPERATURE (C), RAIN  (mm), WIND SPEED (km/hr)

                                      HEAT  COOL        AVG
    MEAN                              DEG   DEG         WIND                 DOM
DAY TEMP  HIGH   TIME   LOW    TIME   DAYS  DAYS  RAIN  SPEED HIGH   TIME    DIR
------------------------------------------------------------------------------------
 1  11.2  12.7   12:55   9.7    4:50   7.1   0.0   0.4  29.6  90.1    5:45    NW
 2  12.8  17.7   13:40   6.3    7:25   5.5   0.0   0.0   7.2  35.4   14:50    NW
 3  13.7  20.0   12:35   7.7    1:30   4.9   0.2   0.0   3.2  30.6   14:30   NNE
 4  13.9  20.4   12:05   9.3    7:00   4.6   0.2   0.0   1.9  20.9   14:15   NNE
 5  14.8  19.4   11:30  11.8    7:25   3.5   0.0   3.2   3.5  30.6   21:30   ESE
 6  13.5  19.0   13:10   8.2    6:25   4.8   0.0   0.0   3.1  19.3    4:15   NNE
 7  13.5  20.1   12:35   7.5    7:30   4.9   0.1   0.0   1.9  17.7   13:00   ESE
 8  12.1  15.1    1:15   5.2   23:20   6.2   0.0   0.0  19.8  74.0   11:45   NNW
 9   9.4  16.2   12:10   3.7    5:50   8.9   0.0   0.0   3.2  24.1   15:30   NNE
10  10.8  18.5   14:10   4.8    6:05   7.5   0.0   0.0   2.7  24.1    9:50   NNE
11  12.1  19.1   11:40   6.2    7:30   6.2   0.0   0.0   2.3  19.3   14:35   NNE
12  15.1  18.2   12:55  10.4    0:05   3.3   0.0   2.0   6.3  48.3   12:55   WSW
13  13.8  16.2   10:10  10.2   00:00   4.5   0.0   0.0  12.1  53.1   14:10    NW
14   9.3  11.2   11:50   4.3   00:00   8.9   0.0   0.0  21.9  67.6    3:50    NW
15  10.6  16.0   15:35   3.3    7:30   7.7   0.0   0.0   6.0  27.4   19:05   NNE
16  11.9  17.2   14:00   7.4    7:00   6.3   0.0   0.0   5.1  33.8   15:00   ESE
17  10.5  12.0    0:40   8.8   23:15   7.8   0.0   0.0  14.2  51.5    9:30   NNW
18   9.2  12.6   13:25   4.0   23:15   9.1   0.0   0.0  14.2  62.8   10:50   NNW
19   8.7  14.9   12:25   3.1    5:50   9.6   0.0   0.0   7.6  46.7   13:20   NNE
20   9.3  15.8   12:05   2.7    3:05   8.9   0.0   0.0   2.1  19.3    3:30   NNE
21  10.5  13.4    9:55   6.4   23:30   7.8   0.0   0.0   8.7  56.3   13:10   NNW
22   7.7  10.6   14:25   5.6    3:25  10.6   0.0   2.4   7.1  49.9   12:30   NNW
23   7.3  10.0   15:35   5.8    6:35  11.0   0.0   8.2   3.5  32.2   12:35   NNW
24   8.7  12.0   23:40   6.3    5:25   9.6   0.0  12.0  11.7  66.0   20:10   NNW
25  10.7  14.2   13:25   7.0    7:40   7.6   0.0   0.0  13.5  61.2   12:55   NNW
26  11.6  15.2   14:25   7.7    1:55   6.7   0.0   0.0   9.7  46.7   14:20    NW
27  12.5  15.6   10:35   8.6   22:10   5.8   0.0   0.0  13.8  56.3   13:25    NW
28   8.4  13.7   15:25   4.2   23:10   9.9   0.0   8.4  10.1  66.0   22:40    NW
29   6.5   9.1   12:40   4.5    8:00  11.8   0.0   3.4  12.1  59.5    6:45   NNW
30   7.8  11.6   13:10   4.4   21:10  10.5   0.0   0.8  15.0  57.9    4:25    NW
31   6.5  10.7   12:45   2.9    3:15  11.8   0.0   0.0   7.7  51.5    0:05   NNE
-------------------------------------------------------------------------------------
    10.8  20.4     4     2.7    20   233.4   0.6  40.8   9.1  90.1     1     NNW

Max >=  32.0:  0
Max <=   0.0:  0
Min <=   0.0:  0
Min <= -18.0:  0
Max Rain: 11.99 ON 24/12/16
Days of Rain: 9 (> .2 mm) 7 (> 2 mm) 0 (> 20 mm)
Heat Base:  18.3  Cool Base:  18.3  Method: Integration