NOAA Reports/Αναφορές NOAA

Select a Year or Month report
2018 > Jan Feb Mar Apr May Jun Jul Aug Sep Oct Nov Dec
2017 > Jan Feb Mar Apr May Jun Jul Aug Sep Oct Nov Dec
2016 > Jan Feb Mar Apr May Jun Jul Aug Sep Oct Nov Dec
2015 > Jan Feb Mar Apr May Jun Jul Aug Sep Oct Nov Dec

Report for 2016 Nov
                   MONTHLY CLIMATOLOGICAL SUMMARY for NOV. 2016

NAME: Timbakion Weather Station   CITY: Timbakion   STATE: Greece 
ELEV:    25 m  LAT: 35.074438  LONG: 24.759724

                   TEMPERATURE (C), RAIN  (mm), WIND SPEED (km/hr)

                                      HEAT  COOL        AVG
    MEAN                              DEG   DEG         WIND                 DOM
DAY TEMP  HIGH   TIME   LOW    TIME   DAYS  DAYS  RAIN  SPEED HIGH   TIME    DIR
------------------------------------------------------------------------------------
 1  16.3  19.2   14:10  11.5   23:20   2.1   0.1   0.0  16.9  53.1   13:50   NNW
 2  14.9  20.5   10:55  10.4    4:00   3.8   0.4   0.0   3.9  29.0    5:10     N
 3  15.3  22.9   10:35   9.0    6:05   3.9   0.9   0.0   2.3  19.3   14:40    SW
 4  17.1  22.3   10:20  11.3    6:45   2.3   1.1   0.0   1.9  19.3   11:55    SW
 5  18.2  25.7   11:35  13.8    7:10   1.8   1.7   0.0   2.3  17.7   13:25   WSW
 6  17.7  24.0   10:00  13.1    5:05   2.1   1.5   0.0   1.9  17.7   14:35    SW
 7  19.2  24.5   10:30  14.2    2:20   1.2   2.1   0.0   2.1  19.3   12:30   NNE
 8  21.7  27.8   11:30  17.0    7:05   0.1   3.6   0.0   3.5  22.5   11:45     N
 9  21.9  25.6   14:10  16.4   20:50   0.1   3.7   1.2  10.3  62.8   18:05    SE
10  19.6  22.5   10:00  14.5    7:05   0.4   1.7   2.8  10.0  43.5    0:25   WSW
11  18.3  22.4   12:35  13.9    7:20   1.3   1.4   0.2   4.8  32.2   13:25   WSW
12  18.1  23.1   12:20  14.1    5:35   1.4   1.2   0.0   1.3  16.1   14:30    SW
13  18.6  22.8   13:45  15.4    7:20   1.0   1.3   3.0   6.3  37.0    0:35   WSW
14  16.7  21.8   13:20  12.1   23:30   2.3   0.7   0.0   6.8  41.8   13:45   NNW
15  15.3  21.4   10:50  10.3    7:00   3.4   0.4   0.0   7.9  53.1   16:05   NNW
16  15.2  19.1   10:55  11.8    4:30   3.2   0.1   0.0  10.0  43.5   17:10    NW
17  14.0  18.9   11:10   8.7   00:00   4.3   0.0   0.0   8.0  43.5   16:55    NW
18  13.5  19.5   13:55   8.3    6:35   4.9   0.1   0.0   2.6  22.5    2:35   NNE
19  15.2  22.4   12:50   9.4    1:30   3.9   0.8   0.0   2.7  17.7   11:55     N
20  15.9  21.8   11:00  11.1   00:00   3.1   0.8   0.0   2.6  17.7   12:45   NNE
21  15.6  22.4   14:10   9.5    6:55   3.6   0.9   0.0   3.5  25.7   16:55   NNE
22  15.6  21.8   12:25  11.1    3:35   3.4   0.7   0.0   4.3  33.8   11:40   NNE
23  15.4  22.1   12:00  10.4   00:00   3.5   0.7   0.0   6.3  40.2   13:50   NNW
24  14.5  21.7   13:10   9.1    7:10   4.3   0.5   0.0   2.9  20.9   14:10   NNE
25  15.1  20.9   13:20  10.6    0:35   3.6   0.4   0.0   1.9  17.7   14:10     N
26  15.1  21.3   11:20  10.0    5:55   3.8   0.6   0.0   1.9  19.3   13:45    SW
27  16.1  21.4   13:35  11.7    7:20   2.9   0.7   0.0   2.1  24.1   13:20   ESE
28  18.6  22.5   12:35  15.2    1:45   0.8   1.1   0.0   4.5  30.6   12:30     N
29  17.3  21.6   11:55  14.8   00:00   1.4   0.4   3.6   5.6  46.7   12:25    NW
30  13.6  17.3   10:25   9.4   21:00   4.7   0.0   1.6  14.0  57.9   23:55   NNW
-------------------------------------------------------------------------------------
    16.7  27.8     8     8.3    18    78.6  29.5  12.4   5.2  62.8     9     NNE

Max >=  32.0:  0
Max <=   0.0:  0
Min <=   0.0:  0
Min <= -18.0:  0
Max Rain: 3.61 ON 29/11/16
Days of Rain: 6 (> .2 mm) 3 (> 2 mm) 0 (> 20 mm)
Heat Base:  18.3  Cool Base:  18.3  Method: Integration