NOAA Reports/Αναφορές NOAA

Select a Year or Month report
2018 > Jan Feb Mar Apr May Jun Jul Aug Sep Oct Nov Dec
2017 > Jan Feb Mar Apr May Jun Jul Aug Sep Oct Nov Dec
2016 > Jan Feb Mar Apr May Jun Jul Aug Sep Oct Nov Dec
2015 > Jan Feb Mar Apr May Jun Jul Aug Sep Oct Nov Dec

Report for 2016 Sep
                   MONTHLY CLIMATOLOGICAL SUMMARY for SEP. 2016

NAME: Timbakion Weather Station   CITY: Timbakion   STATE: Greece 
ELEV:    25 m  LAT: 35.074438  LONG: 24.759724

                   TEMPERATURE (C), RAIN  (mm), WIND SPEED (km/hr)

                                      HEAT  COOL        AVG
    MEAN                              DEG   DEG         WIND                 DOM
DAY TEMP  HIGH   TIME   LOW    TIME   DAYS  DAYS  RAIN  SPEED HIGH   TIME    DIR
------------------------------------------------------------------------------------
 1  27.8  32.0   13:55  23.4    5:10   0.0   9.5   0.0  20.6  74.0    7:15   NNW
 2  26.7  30.6   13:45  22.9    7:25   0.0   8.3   0.0  21.7  72.4   16:55   NNW
 3  25.9  28.3   14:35  23.8   23:10   0.0   7.6   0.0  27.4  82.1   19:05   NNW
 4  24.6  28.6   14:55  19.9    2:50   0.0   6.3   0.0  17.9  66.0   15:55   NNW
 5  23.7  28.7   10:40  18.6    3:00   0.0   5.4   0.0   9.0  40.2   14:25   WSW
 6  23.1  27.4   14:15  17.3    7:00   0.1   4.9   0.0   4.7  29.0   16:10    SW
 7  24.4  29.4   13:30  18.3    3:00   0.0   6.1   0.0   4.2  25.7   12:50    SW
 8  26.8  33.1   18:30  19.6    6:25   0.0   8.5   0.0   2.4  16.1    0:10   WSW
 9  26.7  33.5   10:30  21.9    6:05   0.0   8.4   0.0   6.4  29.0   16:45   WSW
10  24.4  27.3   15:10  20.0    6:55   0.0   6.1   0.0   6.9  30.6   15:25   WSW
11  23.9  27.6   15:25  19.7    6:00   0.0   5.6   0.0   6.4  38.6   17:00   WSW
12  24.3  28.7   17:15  18.9    7:05   0.0   6.0   0.0   9.7  59.5   18:15   WSW
13  24.9  29.7   16:10  20.5    6:00   0.0   6.6   0.0  12.1  49.9   18:45   NNW
14  24.8  29.7   14:40  20.0    6:40   0.0   6.5   0.0  11.4  53.1   18:15   NNW
15  25.4  31.9   14:35  18.3    5:20   0.0   7.1   0.0   9.7  45.1   17:35   NNE
16  27.1  31.8   13:00  21.3   00:00   0.0   8.8   0.0  15.3  49.9   14:05   NNW
17  26.2  33.6   16:25  18.6    7:35   0.0   7.8   0.0   5.1  30.6   17:20   NNE
18  25.1  31.8   10:15  20.7    7:40   0.0   6.8   0.0   4.0  24.1   17:10   WSW
19  24.5  28.7   13:50  20.1    5:10   0.0   6.2   0.0   4.0  27.4   14:00    SW
20  24.3  28.2   11:45  21.2    5:25   0.0   6.0   2.8   8.0  54.7   11:40   WSW
21  23.4  26.9   14:10  18.7    7:20   0.0   5.2   0.0   8.9  48.3   15:20   WSW
22  23.0  26.8   12:15  17.8    6:00   0.0   4.7   0.0   8.4  37.0   15:35   WSW
23  23.4  27.4   14:25  17.4   23:35   0.0   5.1   0.0  13.2  57.9   18:35    NW
24  20.9  25.6   13:50  15.7    2:20   0.5   3.1   0.0  16.3  59.5   17:50   NNW
25  21.0  25.1   14:20  15.9    6:35   0.2   2.9   0.0  16.9  56.3   12:10   NNW
26  20.6  25.9   14:35  14.6    7:00   0.8   3.0   0.0   9.5  49.9   19:10   NNE
27  20.9  26.4   13:20  14.9    5:50   0.7   3.3   0.0  10.9  54.7   16:00   NNE
28  21.8  25.2   15:05  16.4    3:40   0.1   3.6   0.0  18.8  64.4   14:50   NNW
29  22.1  27.8   15:30  16.8    2:00   0.1   3.9   0.0   8.7  48.3   17:40   NNW
30  21.4  27.4   15:45  14.4    5:15   0.5   3.6   0.0   6.1  37.0   18:10   NNE
-------------------------------------------------------------------------------------
    24.1  33.6    17    14.4    30     3.0 176.8   2.8  10.8  82.1     3     NNW

Max >=  32.0:  4
Max <=   0.0:  0
Min <=   0.0:  0
Min <= -18.0:  0
Max Rain: 2.79 ON 20/09/16
Days of Rain: 1 (> .2 mm) 1 (> 2 mm) 0 (> 20 mm)
Heat Base:  18.3  Cool Base:  18.3  Method: Integration