NOAA Reports/Αναφορές NOAA

Select a Year or Month report
2018 > Jan Feb Mar Apr May Jun Jul Aug Sep Oct Nov Dec
2017 > Jan Feb Mar Apr May Jun Jul Aug Sep Oct Nov Dec
2016 > Jan Feb Mar Apr May Jun Jul Aug Sep Oct Nov Dec
2015 > Jan Feb Mar Apr May Jun Jul Aug Sep Oct Nov Dec

Report for 2016 Aug
                   MONTHLY CLIMATOLOGICAL SUMMARY for AUG. 2016

NAME: Timbakion Weather Station   CITY: Timbakion   STATE: Greece 
ELEV:    25 m  LAT: 35.074438  LONG: 24.759724

                   TEMPERATURE (C), RAIN  (mm), WIND SPEED (km/hr)

                                      HEAT  COOL        AVG
    MEAN                              DEG   DEG         WIND                 DOM
DAY TEMP  HIGH   TIME   LOW    TIME   DAYS  DAYS  RAIN  SPEED HIGH   TIME    DIR
------------------------------------------------------------------------------------
 1  29.5  35.9   16:10  21.6    1:20   0.0  11.2   0.0  13.8  57.9   19:40   NNW
 2  27.7  33.4    9:50  22.8    5:20   0.0   9.4   0.0   4.5  19.3   11:50    SW
 3  27.8  32.8   19:50  21.9    6:30   0.0   9.5   0.0   5.3  35.4   20:00   NNE
 4  28.6  33.0   14:50  23.6    5:40   0.0  10.3   0.0  20.1  74.0   12:50   NNW
 5  28.7  33.1   15:30  23.9    3:30   0.0  10.4   0.0  17.9  61.2   10:40   NNW
 6  28.8  33.9   16:40  23.7    7:10   0.0  10.4   0.0  10.6  53.1   19:25   NNW
 7  28.7  34.5   14:45  23.2    5:55   0.0  10.4   0.0  10.5  53.1   18:40   NNW
 8  26.2  29.9    9:45  20.5    6:45   0.0   7.9   0.0   7.9  37.0   17:05   WSW
 9  27.9  33.7   15:55  22.5    6:25   0.0   9.6   0.0  12.4  49.9   16:35   NNW
10  28.2  32.2   13:35  23.3    5:55   0.0   9.9   0.0  14.5  57.9   18:10   NNW
11  28.4  34.6   18:50  22.7    7:05   0.0  10.2   0.0   8.7  45.1   19:40   NNE
12  27.9  35.4   10:20  21.9    6:30   0.0   9.6   0.0   6.6  41.8   21:15    SW
13  27.7  32.1   14:35  23.1    7:00   0.0   9.4   0.0  20.8  70.8   15:30   NNW
14  25.4  27.5   14:35  23.9    4:20   0.0   7.1   0.0  35.7  86.9   11:55   NNW
15  25.6  28.8   14:35  21.8   00:00   0.0   7.3   0.0  29.6  70.8   16:15   NNW
16  25.7  31.0   16:45  19.1    3:10   0.0   7.4   0.0  17.4  59.5   16:20   NNW
17  26.8  31.4   19:05  20.6    6:30   0.0   8.5   0.0  10.1  48.3   20:00   NNE
18  25.0  31.9   10:15  18.8    7:00   0.0   6.7   0.0   4.0  22.5   13:35   NNE
19  24.7  30.4    9:25  18.2    7:10   0.0   6.4   0.0   3.5  20.9   15:45   WSW
20  27.4  33.8   14:50  19.8    7:00   0.0   9.1   0.0   9.2  51.5   19:20   NNW
21  28.1  33.9   16:10  22.4    1:35   0.0   9.8   0.0  12.4  51.5   11:35   NNW
22  26.4  31.1   10:25  21.4    4:55   0.0   8.1   0.0   5.6  32.2   17:25   NNE
23  26.7  31.8   10:05  21.7    6:55   0.0   8.4   0.0   3.9  20.9   13:05   NNE
24  26.9  33.2   11:35  22.3    6:15   0.0   8.6   0.0   6.0  29.0   18:20   NNE
25  26.1  30.7   10:40  20.7    6:30   0.0   7.7   0.0   4.0  22.5   15:50    SW
26  26.2  30.7   13:05  21.8    7:15   0.0   7.9   0.0  13.0  54.7   17:35   NNW
27  25.8  29.8   14:40  21.4    6:55   0.0   7.5   0.0  19.5  66.0   18:05   NNW
28  25.8  29.5   13:10  21.9    4:05   0.0   7.5   0.0  20.4  62.8   14:20   NNW
29  25.9  31.4   14:25  19.2    6:25   0.0   7.7   0.0  10.5  49.9   15:45    NW
30  26.4  33.5   14:15  19.6    6:40   0.0   8.2   0.0   8.2  48.3   15:00    NW
31  27.9  33.4   13:10  21.2    4:20   0.0   9.6   0.0  11.9  69.2   15:40   NNW
-------------------------------------------------------------------------------------
    27.1  35.9     1    18.2    19     0.0 272.0   0.0  12.2  86.9    14     NNW

Max >=  32.0: 17
Max <=   0.0:  0
Min <=   0.0:  0
Min <= -18.0:  0
Max Rain: 0.00 ON 01/08/16
Days of Rain: 0 (> .2 mm) 0 (> 2 mm) 0 (> 20 mm)
Heat Base:  18.3  Cool Base:  18.3  Method: Integration