NOAA Reports/Αναφορές NOAA

Select a Year or Month report
2018 > Jan Feb Mar Apr May Jun Jul Aug Sep Oct Nov Dec
2017 > Jan Feb Mar Apr May Jun Jul Aug Sep Oct Nov Dec
2016 > Jan Feb Mar Apr May Jun Jul Aug Sep Oct Nov Dec
2015 > Jan Feb Mar Apr May Jun Jul Aug Sep Oct Nov Dec

Report for 2016 Jun
                   MONTHLY CLIMATOLOGICAL SUMMARY for JUN. 2016

NAME: Timbakion Weather Station   CITY: Timbakion   STATE: Greece 
ELEV:    25 m  LAT: 35.074438  LONG: 24.759724

                   TEMPERATURE (C), RAIN  (mm), WIND SPEED (km/hr)

                                      HEAT  COOL        AVG
    MEAN                              DEG   DEG         WIND                 DOM
DAY TEMP  HIGH   TIME   LOW    TIME   DAYS  DAYS  RAIN  SPEED HIGH   TIME    DIR
------------------------------------------------------------------------------------
 1  22.6  26.8   15:20  17.4    5:00   0.1   4.4   0.0   4.7  25.7   12:10   WSW
 2  24.1  30.8   14:20  17.5    5:40   0.0   5.8   0.0   4.3  25.7   16:40   NNE
 3  23.7  29.0   13:40  19.7   00:00   0.0   5.4   0.0   4.7  27.4   15:20    SW
 4  21.3  25.1   12:40  15.4    5:30   0.3   3.3   0.0   6.3  29.0   14:40   WSW
 5  22.2  27.2    9:40  16.3    6:30   0.1   4.0   0.0   5.0  30.6    0:30   WSW
 6  22.3  28.9    9:20  16.8    6:20   0.1   4.1   0.0   4.5  29.0    9:00   NNE
 7  22.9  28.7    9:10  16.5    6:20   0.1   4.7   0.0   5.1  27.4   12:30   WSW
 8  22.9  26.5   14:10  17.9    3:10   0.0   4.7   0.0  23.0  77.2   14:50   NNW
 9  22.7  26.7   16:00  17.1   00:00   0.0   4.4   0.0  22.9  66.0    4:40   NNW
10  20.9  24.9   16:00  15.8    1:50   0.4   3.1   0.0   5.1  24.1   16:40    SW
11  21.7  24.4    8:50  16.9    6:40   0.0   3.5   0.0   4.8  22.5   13:20   WSW
12  21.2  26.1    9:30  15.1    6:40   0.5   3.4   0.0   5.8  25.7   15:20    SW
13  21.5  25.1   17:30  17.3    3:10   0.1   3.3   0.0   4.0  24.1   15:10   NNE
14  24.9  29.2   10:30  21.2    0:20   0.0   6.6   0.0  11.9  48.3   16:50   WSW
15  22.2  25.0   15:40  17.8    6:40   0.0   3.9   0.0  10.9  46.7   16:10   WSW
16  25.4  31.9   15:40  19.5    2:50   0.0   7.1   0.0   6.3  29.0   17:30   ESE
17  28.7  35.4   19:30  20.7    4:10   0.0  10.4   0.0   6.0  35.4   19:10   NNE
18  31.6  40.2   17:00  23.8    6:10   0.0  13.3   0.0   7.1  43.5   19:30   NNW
19  29.6  38.6   10:20  23.2   00:00   0.0  11.3   0.0   3.5  19.3   12:50   WSW
20  25.8  31.3   11:00  19.8    5:30   0.0   7.5   0.0   3.1  16.1   11:00    SW
21  28.4  36.2   10:10  20.9    5:40   0.0  10.1   0.0   6.1  49.9   19:20   NNE
22  30.3  35.6   15:20  24.8    5:50   0.0  12.0   0.0  21.4  72.4   11:00   NNW
23  30.1  33.5   14:00  26.0    1:00   0.0  11.8   0.0  25.6  70.8   12:20   NNW
24  28.4  35.3   13:00  23.3    1:50   0.0  10.1   0.0   7.4  46.7    3:30   NNE
25  24.5  26.7    9:50  22.4    6:00   0.0   6.2   0.0   9.7  38.6   19:00   WSW
26  24.0  26.1   13:50  22.3    5:00   0.0   5.7   0.0  12.4  33.8   14:30   WSW
27  26.7  32.8   17:40  20.8    6:20   0.0   8.4   0.0   9.8  48.3   17:40    NW
28  25.2  28.2    9:20  20.7    6:30   0.0   6.9   0.0   6.1  29.0   15:30    SW
29  26.2  31.2   17:40  19.1    5:30   0.0   7.9   0.0   8.4  40.2   18:10   NNW
30  27.2  32.8   15:20  21.2    5:20   0.0   8.9   0.0   9.5  46.7   16:50   NNE
-------------------------------------------------------------------------------------
    25.0  40.2    18    15.1    12     2.0 202.0   0.0   8.8  77.2     8     WSW

Max >=  32.0:  9
Max <=   0.0:  0
Min <=   0.0:  0
Min <= -18.0:  0
Max Rain: 0.00 ON 01/06/16
Days of Rain: 0 (> .2 mm) 0 (> 2 mm) 0 (> 20 mm)
Heat Base:  18.3  Cool Base:  18.3  Method: Integration