NOAA Reports/Αναφορές NOAA

Select a Year or Month report
2018 > Jan Feb Mar Apr May Jun Jul Aug Sep Oct Nov Dec
2017 > Jan Feb Mar Apr May Jun Jul Aug Sep Oct Nov Dec
2016 > Jan Feb Mar Apr May Jun Jul Aug Sep Oct Nov Dec
2015 > Jan Feb Mar Apr May Jun Jul Aug Sep Oct Nov Dec

Report for 2016 May
                   MONTHLY CLIMATOLOGICAL SUMMARY for MAY. 2016

NAME: Timbakion Weather Station   CITY: Timbakion   STATE: Greece 
ELEV:    25 m  LAT: 35.074438  LONG: 24.759724

                   TEMPERATURE (C), RAIN  (mm), WIND SPEED (km/hr)

                                      HEAT  COOL        AVG
    MEAN                              DEG   DEG         WIND                 DOM
DAY TEMP  HIGH   TIME   LOW    TIME   DAYS  DAYS  RAIN  SPEED HIGH   TIME    DIR
------------------------------------------------------------------------------------
 1  20.1  25.3   10:30  14.3    6:10   0.7   2.5   0.0   6.8  30.6   13:40   NNE
 2  18.0  22.8   14:30  14.9    7:20   1.0   0.7   1.4   2.3  20.9   16:40   NNE
 3  17.9  20.1   15:10  14.5   21:30   0.8   0.4  13.8  15.8  51.5   23:50   WSW
 4  17.9  20.0   14:40  15.4    6:20   0.8   0.3   0.0  19.2  57.9   15:30   WSW
 5  17.6  21.6   14:40  14.1    6:20   1.3   0.6   0.0  11.7  46.7   17:20   NNW
 6  16.7  22.2   15:20  10.6    6:10   2.3   0.7   0.0   8.2  43.5   16:00   NNE
 7  16.9  20.8   15:20  12.3    3:20   2.0   0.7   0.0   6.3  27.4   13:20   NNE
 8  18.3  22.9   14:30  13.4    0:20   1.4   1.4   0.0   4.5  32.2   14:40   ESE
 9  18.6  22.4   14:40  13.8    6:30   1.1   1.4   0.0   5.0  22.5   11:10   WSW
10  20.4  27.2   16:30  13.2    5:50   1.0   3.1   0.0   7.6  43.5   17:50   NNE
11  20.7  27.6   10:10  14.7    6:20   0.5   2.9   2.2   4.0  19.3    2:50   WSW
12  21.4  27.8   10:20  17.3    7:10   0.2   3.3   0.0   3.4  19.3    0:40   WSW
13  22.1  26.1   11:30  18.1   00:00   0.0   3.8   0.2   3.4  20.9   14:30    SW
14  22.8  30.0   16:40  17.6    1:10   0.0   4.5   0.2   3.2  32.2   18:00   ESE
15  19.9  24.2   13:10  15.1   00:00   0.2   1.9   8.6   3.4  45.1   14:50   NNE
16  18.2  22.4   17:10  12.9    5:40   1.5   1.4   0.2   5.5  30.6   18:50   WSW
17  18.4  21.8   13:40  12.5    5:30   1.3   1.5   0.2   9.5  41.8   16:40   WSW
18  19.4  24.7   17:10  12.9    5:00   1.0   2.1   0.0  10.9  46.7   20:10   WSW
19  18.1  22.3   13:30  12.1    5:40   1.6   1.4   0.0   6.0  33.8   15:30   WSW
20  18.5  23.4   10:00  12.8    6:10   1.3   1.5   0.0   4.3  24.1   15:40   WSW
21  20.6  24.8   12:30  16.9    6:20   0.1   2.3   2.8  10.5  35.4   15:30   WSW
22  19.9  23.1   13:40  16.3    6:50   0.1   1.7   0.6  16.7  80.5   16:30    NW
23  21.3  24.9   16:30  15.8   00:00   0.1   3.0   0.0  17.1  54.7   11:50    NW
24  18.8  22.6   14:50  12.7    6:10   1.2   1.7   0.0   9.7  48.3   16:40    SW
25  19.5  22.3   14:30  14.8    6:00   0.3   1.6   0.0  12.4  46.7   17:40   WSW
26  19.1  25.0   18:20  13.4    4:30   1.1   2.0   0.0   6.0  32.2   16:40    SW
27  22.4  28.9   15:40  14.0    6:20   0.9   5.0   0.0   8.0  40.2   13:00    NW
28  23.5  29.5   14:30  15.3    6:30   0.2   5.4   0.0   9.3  51.5   16:10    NW
29  22.2  27.1    9:40  16.6    3:20   0.1   4.0   0.0   3.9  20.9   10:10   NNE
30  22.7  29.3   14:20  16.0    6:40   0.2   4.7   0.0   4.0  20.9   15:10   NNE
31  24.1  34.6   10:50  18.1    4:30   0.0   5.8   0.0   3.1  24.1   11:50   NNE
-------------------------------------------------------------------------------------
    19.9  34.6    31    10.6     6    24.4  73.3  30.2   7.8  80.5    22     WSW

Max >=  32.0:  1
Max <=   0.0:  0
Min <=   0.0:  0
Min <= -18.0:  0
Max Rain: 13.79 ON 03/05/16
Days of Rain: 10 (> .2 mm) 4 (> 2 mm) 0 (> 20 mm)
Heat Base:  18.3  Cool Base:  18.3  Method: Integration