NOAA Reports/Αναφορές NOAA

Select a Year or Month report
2018 > Jan Feb Mar Apr May Jun Jul Aug Sep Oct Nov Dec
2017 > Jan Feb Mar Apr May Jun Jul Aug Sep Oct Nov Dec
2016 > Jan Feb Mar Apr May Jun Jul Aug Sep Oct Nov Dec
2015 > Jan Feb Mar Apr May Jun Jul Aug Sep Oct Nov Dec

Report for 2016 Apr
                   MONTHLY CLIMATOLOGICAL SUMMARY for APR. 2016

NAME: Timbakion Weather Station   CITY: Timbakion   STATE: Greece 
ELEV:    25 m  LAT: 35.074438  LONG: 24.759724

                   TEMPERATURE (C), RAIN  (mm), WIND SPEED (km/hr)

                                      HEAT  COOL        AVG
    MEAN                              DEG   DEG         WIND                 DOM
DAY TEMP  HIGH   TIME   LOW    TIME   DAYS  DAYS  RAIN  SPEED HIGH   TIME    DIR
------------------------------------------------------------------------------------
 1  13.2  18.3   15:00   6.7    7:00   5.1   0.0   0.2   3.7  22.5   12:40   NNE
 2  14.2  22.1   10:50   7.4    7:20   4.5   0.5   0.0   2.6  16.1   12:20   NNE
 3  15.8  23.1   12:40  10.2    6:10   3.2   0.7   0.0   3.4  24.1   14:30   NNE
 4  16.2  24.3   12:50  10.8    2:50   3.0   0.8   0.0   4.3  25.7   13:10   NNE
 5  16.7  25.2   11:20  10.5    6:00   2.8   1.2   0.0   3.2  22.5   13:50   NNE
 6  16.2  22.5   10:10  11.0    5:00   2.9   0.8   0.0   3.4  20.9   13:10   NNE
 7  20.2  29.0   16:10  11.3    3:20   2.2   4.1   0.0   5.0  38.6   21:30   ESE
 8  21.4  27.2    0:20  17.3   21:40   0.1   3.2   0.0   6.0  40.2    1:00   WSW
 9  17.8  19.7   15:10  15.8    7:30   0.8   0.3   0.0  14.0  45.1   13:10   WSW
10  16.3  19.8   13:40  12.0    6:20   2.3   0.3   0.0   9.8  41.8   23:50   WSW
11  17.1  19.8   19:00  14.2    7:40   1.4   0.1   0.2  13.5  48.3    0:20   WSW
12  19.4  23.9   13:50  14.0    7:10   0.8   2.0   0.0  15.1  45.1   11:20    NW
13  18.3  24.9   15:00  12.2    3:30   1.8   1.8   0.0   6.3  33.8   17:40   NNE
14  17.6  24.6   10:00  13.0    5:00   1.8   1.1   0.0   3.2  17.7   12:30    SW
15  18.2  24.9   14:10  12.8    6:40   1.9   1.8   0.0   3.7  24.1   14:50   NNE
16  16.8  21.4   17:30  11.0    3:30   2.4   0.9   0.0   3.2  20.9   13:00   WSW
17  17.2  23.8   10:00  11.1    6:40   2.4   1.3   0.0   3.1  20.9   13:40   NNE
18  17.6  25.4   10:30  10.6    6:20   2.4   1.7   0.0   3.1  19.3   12:50   NNE
19  16.7  22.9    9:50  10.3    7:00   2.7   1.1   0.0   2.9  17.7   11:20   NNE
20  18.5  25.9   14:40  10.4    4:20   2.4   2.5   0.0   1.3  11.3   12:20   NNE
21  20.4  24.9   12:30  13.1   00:00   0.5   2.6   0.0  21.7  75.6   18:50   NNW
22  16.8  22.9   11:40   9.8    5:00   2.7   1.1   0.0   5.1  29.0   14:50   WSW
23  17.1  21.3   14:50  12.3    3:10   2.0   0.8   0.0   4.5  22.5   13:50    SW
24  17.4  21.2   15:20  11.6    7:00   1.6   0.7   0.0  11.3  48.3   16:20   WSW
25  18.3  20.9   13:50  15.1    7:00   0.7   0.7   0.0   8.7  29.0    0:20   WSW
26  17.6  20.9   12:30  14.7    7:10   1.1   0.4   0.0  15.3  51.5   12:10   WSW
27  15.7  20.0   13:40  10.7    5:50   2.8   0.3   0.0   6.3  38.6    0:10   NNE
28  16.0  23.5   10:10   9.7    6:00   3.0   0.7   0.0   4.8  25.7   12:30   WSW
29  20.1  26.8   16:50  11.8    4:50   1.9   3.6   0.0   3.9  22.5   12:50   ESE
30  23.0  26.2    1:30  18.4   23:10   0.0   4.7   0.0  19.8  82.1   12:30   NNW
-------------------------------------------------------------------------------------
    17.6  29.0     7     6.7     1    63.3  41.9   0.4   7.1  82.1    30     WSW

Max >=  32.0:  0
Max <=   0.0:  0
Min <=   0.0:  0
Min <= -18.0:  0
Max Rain: 0.20 ON 01/04/16
Days of Rain: 2 (> .2 mm) 0 (> 2 mm) 0 (> 20 mm)
Heat Base:  18.3  Cool Base:  18.3  Method: Integration