NOAA Reports/Αναφορές NOAA

Select a Year or Month report
2018 > Jan Feb Mar Apr May Jun Jul Aug Sep Oct Nov Dec
2017 > Jan Feb Mar Apr May Jun Jul Aug Sep Oct Nov Dec
2016 > Jan Feb Mar Apr May Jun Jul Aug Sep Oct Nov Dec
2015 > Jan Feb Mar Apr May Jun Jul Aug Sep Oct Nov Dec

Report for 2016 Mar
                   MONTHLY CLIMATOLOGICAL SUMMARY for MAR. 2016

NAME: Timbakion Weather Station   CITY: Timbakion   STATE: Greece 
ELEV:    25 m  LAT: 35.074438  LONG: 24.759724

                   TEMPERATURE (C), RAIN  (mm), WIND SPEED (km/hr)

                                      HEAT  COOL        AVG
    MEAN                              DEG   DEG         WIND                 DOM
DAY TEMP  HIGH   TIME   LOW    TIME   DAYS  DAYS  RAIN  SPEED HIGH   TIME    DIR
------------------------------------------------------------------------------------
 1  18.5  22.8   11:10  14.2    6:40   0.8   1.0   0.0   5.0  27.4   13:10   ESE
 2  15.8  19.0   13:30  11.8    6:10   2.5   0.0   0.4  13.8  53.1   10:00   NNW
 3  15.2  17.4   12:50  10.1    6:10   3.1   0.0   0.6  15.4  43.5   00:00   WSW
 4  13.7  16.6   13:10  10.3    5:40   4.6   0.0  19.8  19.3  70.8    1:20   WSW
 5  13.4  17.4   14:00   8.5   00:00   4.9   0.0   0.0  10.3  35.4    8:00   WSW
 6  11.9  17.3   13:40   7.5    4:40   6.3   0.0   0.0   2.3  17.7   12:20   NNE
 7  14.2  19.6   13:40   8.3    6:10   4.3   0.2   0.0   3.5  27.4   16:10   ESE
 8  14.4  20.9   14:40   9.2    4:00   4.0   0.2   0.0   4.2  33.8   13:10   NNE
 9  15.7  19.3   13:50  11.4    2:30   2.6   0.1   0.0  12.2  46.7   15:50   WSW
10  14.1  17.1   14:30   9.8   23:10   4.2   0.0   2.2  12.7  46.7    4:20   WSW
11  13.5  19.2   17:10   6.4    6:30   4.8   0.0   0.0   3.1  19.3   21:50   ESE
12  19.1  21.4   14:40  13.2    1:30   0.6   1.3   0.0   6.0  46.7   20:50   ESE
13  15.9  23.2   12:10  11.2   22:10   2.8   0.4   5.6   7.4  56.3   17:50   WSW
14  13.6  17.3   12:30  10.6   21:20   4.8   0.0   3.8  22.5  64.4   18:40   NNW
15  12.2  16.1   15:10   7.4   23:50   6.1   0.0   0.0  14.0  59.5    1:40    NW
16  11.7  17.1   10:10   6.8    4:00   6.6   0.0   0.0   5.8  40.2   00:00   NNE
17  12.2  15.6   13:20   7.6   00:00   6.2   0.0   0.0  14.8  54.7   14:30   NNW
18  13.2  19.6   14:10   5.8    4:30   5.1   0.0   0.0   5.1  24.1   22:10   NNE
19  15.7  18.4   12:10  12.2   23:50   2.6   0.0   0.0  14.5  53.1   15:40   NNW
20  13.8  18.9   18:00   8.0    6:10   4.5   0.0   0.0   5.5  29.0   14:30   NNE
21  13.2  18.2    9:50   7.2    6:40   5.2   0.0   0.0   5.3  25.7   12:50   WSW
22  14.8  21.3   14:10   7.9    3:50   3.8   0.3   0.0   2.6  17.7   11:30   NNE
23  18.1  21.1    8:30  13.0   23:30   1.0   0.7   0.0   6.3  43.5   15:30   ESE
24  16.7  19.2   14:10  13.3    0:10   1.7   0.1   0.0  12.7  45.1   13:20   WSW
25  15.6  19.3   14:00  12.1    4:40   2.7   0.0   0.0   5.5  29.0   22:40   WSW
26  13.4  16.9   13:00   8.3   00:00   4.9   0.0   0.0  16.3  51.5   15:10   NNW
27  12.2  16.2   10:30   8.0    0:20   5.8   0.0   0.8   9.3  43.5   19:30   WSW
28  12.8  16.7   16:00   8.9    2:40   5.5   0.0   0.0  13.2  49.9   12:20    NW
29  13.2  18.1   16:30   6.0    7:20   5.1   0.0   0.0   8.4  35.4   16:30   WSW
30  14.8  20.1   11:10  10.3    4:50   3.6   0.1   0.0   4.0  22.5   13:50   NNE
31  14.2  19.8   10:10   8.5    7:20   4.1   0.0   0.0   3.7  25.7   12:20   NNE
-------------------------------------------------------------------------------------
    14.4  23.2    13     5.8    18   124.8   4.6  33.2   9.2  70.8     4     WSW

Max >=  32.0:  0
Max <=   0.0:  0
Min <=   0.0:  0
Min <= -18.0:  0
Max Rain: 19.81 ON 04/03/16
Days of Rain: 7 (> .2 mm) 4 (> 2 mm) 0 (> 20 mm)
Heat Base:  18.3  Cool Base:  18.3  Method: Integration