NOAA Reports/Αναφορές NOAA

Select a Year or Month report
2018 > Jan Feb Mar Apr May Jun Jul Aug Sep Oct Nov Dec
2017 > Jan Feb Mar Apr May Jun Jul Aug Sep Oct Nov Dec
2016 > Jan Feb Mar Apr May Jun Jul Aug Sep Oct Nov Dec
2015 > Jan Feb Mar Apr May Jun Jul Aug Sep Oct Nov Dec

Report for 2016 Jan
                   MONTHLY CLIMATOLOGICAL SUMMARY for JAN. 2016

NAME: Timbakion Weather Station   CITY: Timbakion   STATE: Greece 
ELEV:    25 m  LAT: 35.074438  LONG: 24.759724

                   TEMPERATURE (C), RAIN  (mm), WIND SPEED (km/hr)

                                      HEAT  COOL        AVG
    MEAN                              DEG   DEG         WIND                 DOM
DAY TEMP  HIGH   TIME   LOW    TIME   DAYS  DAYS  RAIN  SPEED HIGH   TIME    DIR
------------------------------------------------------------------------------------
 1   6.2   9.9   13:30   1.8   22:50  12.1   0.0   0.0  10.1  72.4   13:30   WNW
 2   7.3  10.9   14:20   1.5    0:20  11.0   0.0   2.6   1.8  22.5   16:40   ESE
 3  11.6  16.8   00:00   5.9    7:50   6.7   0.0   9.2   6.6  48.3   21:50   SSE
 4  16.4  17.5    9:50  14.6    5:40   1.8   0.0   4.0  20.6  54.7    5:40   WSW
 5  17.0  18.8   14:30  12.4   00:00   1.3   0.0   0.0  12.1  38.6    8:40   WSW
 6  14.9  21.7   16:10  10.3    6:00   3.7   0.3   0.2   2.3  19.3   13:10   NNE
 7  15.1  17.9    6:50  13.1   10:30   3.2   0.0   0.6  12.7  78.9   12:30   NNW
 8  15.8  18.8   14:20  12.6   00:00   2.5   0.0   0.0  17.2  53.1   10:10   NNW
 9  13.4  19.1   11:20   8.7    6:00   4.9   0.0   0.0   2.6  17.7   13:00   ESE
10  15.4  17.7   16:10  11.7   00:00   2.9   0.0   0.0   4.2  22.5    3:20   WSW
11  13.6  18.2   13:40   8.9    6:00   4.7   0.0   0.0   2.3  17.7   15:00   NNE
12  14.6  18.3   13:40  10.9    0:20   3.7   0.0   0.2   3.1  17.7   13:30   WSW
13  16.0  18.3   12:10  13.2    0:30   2.3   0.0   0.0  11.1  46.7   14:30   WSW
14  14.0  17.7   12:20   7.1   00:00   4.3   0.0   0.0  11.6  49.9   10:50    NW
15  11.2  17.4   11:40   4.9    7:00   7.1   0.0   0.0   2.9  24.1   16:20    NE
16  14.9  17.9   12:40   9.9    1:30   3.4   0.0   0.0   8.5  40.2   22:10   SSE
17  12.9  17.2    0:10   8.3   19:10   5.3   0.0  29.6  12.6  56.3   21:40   SSE
18   9.1  12.0   15:50   4.7   21:10   9.2   0.0   3.4  14.6  48.3   23:20   NNW
19   8.1  12.8   13:10   4.7    5:50  10.2   0.0   0.0   8.5  43.5    1:40   NNW
20  10.5  14.9   16:30   5.3    0:20   7.8   0.0  25.8   5.6  45.1    9:00   NNE
21  11.5  15.6   14:20   7.1   23:30   6.8   0.0   1.2   9.7  49.9   10:10   NNW
22  10.1  15.2   12:40   5.3    7:20   8.3   0.0   0.0   6.0  41.8   17:30   NNE
23   8.6  11.1   11:40   5.8   19:50   9.7   0.0   0.0  15.8  61.2   13:50   NNW
24   7.4  10.8   11:30   4.3   22:40  10.9   0.0   0.0  11.3  49.9    0:10   NNW
25   6.5  10.6   16:10   3.3   23:50  11.8   0.0   0.0   4.2  35.4   12:50   NNE
26   9.4  13.2   19:40   2.5    1:00   8.9   0.0   0.0   7.2  45.1   21:40   NNE
27   8.6  13.4   15:40   3.5   00:00   9.7   0.0   0.0   4.3  33.8    4:50   NNE
28   8.9  15.6   11:40   3.0    1:00   9.4   0.0   0.0   1.9  16.1   12:40    NE
29  11.4  17.8   11:50   5.2    7:10   6.8   0.0   0.2   2.4  20.9   18:30   NNE
30  12.6  17.4   13:50   8.3    7:50   5.7   0.0   0.0   1.9  16.1   17:30   NNE
31  11.9  17.4   11:40   6.1    6:00   6.3   0.0   0.0   5.0  29.0   14:10   NNE
-------------------------------------------------------------------------------------
    11.8  21.7     6     1.5     2   202.5   0.4  77.0   7.8  78.9     7     NNE

Max >=  32.0:  0
Max <=   0.0:  0
Min <=   0.0:  0
Min <= -18.0:  0
Max Rain: 29.59 ON 17/01/16
Days of Rain: 11 (> .2 mm) 6 (> 2 mm) 2 (> 20 mm)
Heat Base:  18.3  Cool Base:  18.3  Method: Integration