NOAA Reports/Αναφορές NOAA

Select a Year or Month report
2018 > Jan Feb Mar Apr May Jun Jul Aug Sep Oct Nov Dec
2017 > Jan Feb Mar Apr May Jun Jul Aug Sep Oct Nov Dec
2016 > Jan Feb Mar Apr May Jun Jul Aug Sep Oct Nov Dec
2015 > Jan Feb Mar Apr May Jun Jul Aug Sep Oct Nov Dec

Report for 2015 Dec
                   MONTHLY CLIMATOLOGICAL SUMMARY for DEC. 2015

NAME: Timbakion Weather Station   CITY: Timbakion   STATE: Greece 
ELEV:    25 m  LAT: 35.074438  LONG: 24.759724

                   TEMPERATURE (C), RAIN  (mm), WIND SPEED (km/hr)

                                      HEAT  COOL        AVG
    MEAN                              DEG   DEG         WIND                 DOM
DAY TEMP  HIGH   TIME   LOW    TIME   DAYS  DAYS  RAIN  SPEED HIGH   TIME    DIR
------------------------------------------------------------------------------------
 1  13.1  19.1   16:30   7.2    7:30   5.2   0.0   0.0   4.2  33.8    1:20   NNE
 2  15.2  20.7   14:20   9.6    6:30   3.5   0.3   0.0   6.6  37.0    1:40   NNW
 3  14.1  20.0   10:40   8.8   23:50   4.4   0.2   0.0   6.4  46.7   13:00   NNE
 4  12.8  18.7   11:00   7.9    7:30   5.5   0.0   0.0   8.9  48.3   14:00   NNE
 5  12.7  17.1   12:40   8.0   23:40   5.6   0.0   0.0  10.9  49.9   10:00   NNE
 6  11.7  18.0   16:10   7.0    2:30   6.6   0.0   0.0   3.1  22.5   19:10   NNE
 7  12.2  19.7   12:40   5.8    7:00   6.2   0.1   0.0   3.1  20.9   20:00   NNE
 8  12.5  18.3   15:10   6.9    4:40   5.8   0.0   0.0   6.1  38.6   17:30   NNE
 9  13.6  17.7   13:10   9.1    7:20   4.7   0.0   0.0  12.7  59.5   12:10   NNW
10  13.2  17.1   12:10   9.1    6:50   5.1   0.0   0.0  11.9  48.3   13:00   NNW
11  12.5  16.5   11:20   8.8    6:50   5.8   0.0   0.2   4.5  24.1   12:10   NNE
12  12.6  15.1   11:00   9.2    8:40   5.7   0.0   0.2  15.8  69.2   13:20   NNW
13  12.2  16.6   10:30   7.3   21:30   6.1   0.0   0.0  10.1  57.9   11:20   NNW
14  11.4  19.1   12:30   5.7    6:00   6.9   0.0   0.0   3.2  17.7   15:10   NNE
15  12.6  19.4   12:10   8.1    4:00   5.7   0.0   0.0   3.7  29.0   17:30   NNE
16  12.4  17.7   11:40   7.4    7:50   5.9   0.0   0.0   8.7  46.7   13:10   NNW
17  12.2  16.2   11:30   9.0    7:20   6.1   0.0   0.0   9.7  51.5   12:20   NNE
18  11.9  15.3   12:10   6.7   23:20   6.4   0.0   0.0   6.6  45.1   14:20   NNE
19  11.7  15.3   13:30   7.3    0:10   6.7   0.0   0.0  12.4  53.1   11:40   NNW
20  11.2  17.6   14:30   6.0    5:00   7.1   0.0   0.0   4.0  30.6   16:00   NNE
21  11.9  18.6   12:10   7.2    7:20   6.3   0.0   0.0   4.5  29.0   16:40   NNE
22  10.9  18.2   13:30   5.1    7:00   7.4   0.0   0.0   2.7  22.5    4:00   NNE
23  12.3  18.3   13:50   6.6    3:00   6.0   0.0   0.0   7.2  41.8   14:30   NNE
24  12.9  19.6   11:50   7.5    7:30   5.4   0.0   0.0   4.2  25.7    9:00   NNE
25  11.4  18.2   11:40   5.6    6:30   6.9   0.0   0.0   1.8  16.1   22:10   NNE
26  13.6  18.6   16:30   8.4    3:40   4.7   0.0   0.0   7.1  43.5   23:00   NNE
27  12.1  18.7   14:10   6.4    7:30   6.2   0.0   0.0   3.4  33.8    0:10   NNE
28  12.4  19.4   13:50   6.3    2:00   5.9   0.1   0.0   3.2  19.3   15:20   NNE
29  13.0  18.3   14:30   7.9   23:20   5.3   0.0   0.0   6.3  38.6   17:40   NNE
30  12.9  17.7   11:20   7.8    1:40   5.3   0.0   0.0   8.9  46.7   14:00   ESE
31   8.0  11.9    0:10   6.0   17:30  10.3   0.0   0.0  23.8  78.9   15:30   NNW
-------------------------------------------------------------------------------------
    12.4  20.7     2     5.1    22   184.7   0.8   0.4   7.3  78.9    31     NNE

Max >=  32.0:  0
Max <=   0.0:  0
Min <=   0.0:  0
Min <= -18.0:  0
Max Rain: 0.20 ON 11/12/15
Days of Rain: 2 (> .2 mm) 0 (> 2 mm) 0 (> 20 mm)
Heat Base:  18.3  Cool Base:  18.3  Method: Integration