NOAA Reports/Αναφορές NOAA

Select a Year or Month report
2018 > Jan Feb Mar Apr May Jun Jul Aug Sep Oct Nov Dec
2017 > Jan Feb Mar Apr May Jun Jul Aug Sep Oct Nov Dec
2016 > Jan Feb Mar Apr May Jun Jul Aug Sep Oct Nov Dec
2015 > Jan Feb Mar Apr May Jun Jul Aug Sep Oct Nov Dec

Report for 2015 Nov
                   MONTHLY CLIMATOLOGICAL SUMMARY for NOV. 2015

NAME: Timbakion Weather Station   CITY: Timbakion   STATE: Greece 
ELEV:    25 m  LAT: 35.074438  LONG: 24.759724

                   TEMPERATURE (C), RAIN  (mm), WIND SPEED (km/hr)

                                      HEAT  COOL        AVG
    MEAN                              DEG   DEG         WIND                 DOM
DAY TEMP  HIGH   TIME   LOW    TIME   DAYS  DAYS  RAIN  SPEED HIGH   TIME    DIR
------------------------------------------------------------------------------------
 1
 2
 3
 4
 5
 6
 7
 8
 9  14.8  20.4   17:30  11.9   00:00   1.1   0.0   0.0   3.5  14.5   17:30   NNE
10  16.8  25.0   12:30   9.5    5:30   3.2   1.7   0.0   5.3  43.5   15:00   NNE
11  17.7  24.3   14:30  12.3    6:00   2.3   1.6   0.0   5.0  37.0   14:30   NNE
12  17.2  23.8   10:30  11.9    7:30   2.5   1.4   0.0   2.6  14.5   11:30   NNE
13  16.8  22.7   10:00  11.3    7:00   2.7   1.3   0.0   2.3  16.1   14:30   NNE
14  17.2  24.1   12:00  11.6    5:30   2.3   1.1   0.0   2.4  19.3   20:30   NNE
15  17.3  23.6   12:30  12.9    5:30   2.0   1.0   0.0   3.9  29.0   16:30   NNE
16  17.1  22.2   11:30  11.9   23:00   2.1   0.9   0.0   8.4  53.1   17:00   NNE
17  16.9  23.7   13:00  10.7    5:00   2.6   1.2   0.0   8.4  53.1   14:30   NNE
18  16.7  22.2   13:30  11.4    6:30   2.6   1.0   0.0   4.5  24.1   18:40   NNE
19  15.9  23.7   11:30  10.3    5:20   3.5   1.1   0.0   1.9  16.1   12:20   NNE
20  15.2  21.4   10:30   9.7    7:10   3.7   0.7   0.0   2.1  17.7   12:30   NNE
21  15.9  21.5   10:40  10.6    6:40   3.1   0.7   0.0   2.9  25.7   14:10   NNE
22  19.0  22.7   12:10  15.6   23:00   0.6   1.3   0.0   5.1  30.6   12:10   SSW
23  17.6  23.3   12:20  13.4   00:00   1.9   1.1  15.6   2.3  27.4    6:20    NE
24  16.1  22.3   11:20  11.3    7:00   3.0   0.8   0.0   2.3  17.7   12:00   NNE
25  17.5  21.8   11:20  13.5    2:20   1.6   0.9   2.8   6.3  56.3   23:20   SSE
26  17.7  20.4   12:10  14.2   00:00   1.1   0.5   7.6  10.5  45.1    0:10   WSW
27  17.1  20.3   13:20  13.3    6:40   1.7   0.5  18.2  11.3  43.5   19:50   SSW
28  17.7  20.2   13:00  14.3    8:40   0.8   0.2  18.6  13.5  56.3   14:20   WSW
29  15.3  20.1   11:50  10.8    6:20   3.3   0.3   0.0   5.3  33.8   15:40   ESE
30  14.3  18.4   12:00   9.5   22:20   4.0   0.0   0.0   8.9  49.9   13:00   NNW
-------------------------------------------------------------------------------------
    16.7  25.0    10     9.5    10    51.9  19.5  62.8   5.4  56.3    25     NNE

Max >=  32.0:  0
Max <=   0.0:  0
Min <=   0.0:  0
Min <= -18.0:  0
Max Rain: 18.59 ON 28/11/15
Days of Rain: 5 (> .2 mm) 5 (> 2 mm) 0 (> 20 mm)
Heat Base:  18.3  Cool Base:  18.3  Method: Integration