NOAA Reports/Αναφορές NOAA

Select a Year or Month report
2018 > Jan Feb Mar Apr May Jun Jul Aug Sep Oct Nov Dec
2017 > Jan Feb Mar Apr May Jun Jul Aug Sep Oct Nov Dec
2016 > Jan Feb Mar Apr May Jun Jul Aug Sep Oct Nov Dec
2015 > Jan Feb Mar Apr May Jun Jul Aug Sep Oct Nov Dec

Report for 2018 02
                   MONTHLY CLIMATOLOGICAL SUMMARY for FEB. 2018

NAME: Timbakion Weather Station   CITY: Timbakion   STATE: Greece 
ELEV:    25 m  LAT: 35.074438  LONG: 24.759724

                   TEMPERATURE (C), RAIN  (mm), WIND SPEED (km/hr)

                                      HEAT  COOL        AVG
    MEAN                              DEG   DEG         WIND                 DOM
DAY TEMP  HIGH   TIME   LOW    TIME   DAYS  DAYS  RAIN  SPEED HIGH   TIME    DIR
------------------------------------------------------------------------------------
 1  12.0  15.6   12:25   6.6    7:35   6.3   0.0   0.0   3.4  22.5   22:30     E
 2  14.4  17.2   12:15  10.9   23:00   3.8   0.0   0.0   4.5  24.1   11:40    SW
 3  14.1  17.6   12:30  10.9   23:55   4.2   0.0   0.0   5.1  20.9   12:50    NE
 4  14.8  19.4   12:50   9.8   23:45   3.6   0.1   0.0   5.0  24.1   16:35    NE
 5  13.4  20.3   12:30   8.1    7:00   5.0   0.1   0.0   6.4  43.5   16:50    NE
 6  12.8  20.2   14:10   7.9    7:25   5.6   0.1   0.0   5.8  20.9    2:45    NE
 7  16.2  20.8   15:05   8.5    0:05   2.6   0.5   3.6  10.1  43.5   17:55     E
 8  15.0  18.7    0:10   9.7   00:00   3.3   0.0   0.0   6.3  29.0   11:00   WSW
 9  12.3  15.4   15:55   9.0    2:30   5.9   0.0   0.2   3.2  38.6    4:40    NE
10  14.8  18.3   12:40  10.8    1:00   3.5   0.0   1.4  11.1  57.9   23:55     E
11  14.8  16.4   13:00  11.8   23:50   3.5   0.0   0.0  17.2  56.3    0:10   WSW
12  11.3  16.9   10:15   6.9   23:50   7.0   0.0   0.0   6.8  37.0   17:30    NE
13  11.2  16.1   14:10   5.2    6:35   7.0   0.0   3.4   6.0  37.0   23:50     E
14  13.8  15.8   13:15  10.7    7:40   4.5   0.0   2.0  14.0  49.9    4:35   WSW
15  10.7  15.2    8:55   7.7   22:50   7.6   0.0  13.0   8.0  57.9    9:30    NE
16  10.6  15.8   12:45   5.1    4:40   7.7   0.0   3.4   5.0  29.0   17:05    NE
17  13.4  16.0   10:45   9.1   22:35   4.8   0.0   0.0  16.6  66.0   12:05    NW
18  12.2  17.8   11:55   6.4    6:00   6.1   0.0   0.0   6.3  29.0    0:55    NE
19  12.6  17.2   11:10   8.9    4:00   5.8   0.0   0.0   4.5  22.5   12:45    NE
20  13.2  17.3   15:50  10.8   21:55   5.1   0.0  10.2   3.4  32.2   19:10    NE
21  12.6  16.5   13:10   8.5   00:00   5.7   0.0   2.8   4.3  30.6   14:15    NE
22  12.2  17.2   12:55   7.8    7:25   6.1   0.0   0.2   4.2  17.7   13:35    NE
23  13.1  18.8   14:10   7.4    6:50   5.2   0.0   0.0   5.6  24.1   14:10    NE
24  13.9  16.5   13:10  10.2    1:00   2.9   0.0   0.8  11.6  49.9    9:15   WSW
25
26
27
28
-------------------------------------------------------------------------------------
    13.1  20.8     7     5.1    16   123.0   0.9  41.0   7.3  66.0    17      NE

Max >=  32.0:  0
Max <=   0.0:  0
Min <=   0.0:  0
Min <= -18.0:  0
Max Rain: 13.00 ON 15/02/18
Days of Rain: 11 (> .2 mm) 7 (> 2 mm) 0 (> 20 mm)
Heat Base:  18.3  Cool Base:  18.3  Method: Integration